{"id":2308,"date":"2021-03-09T15:57:57","date_gmt":"2021-03-09T15:57:57","guid":{"rendered":"https:\/\/thicongchongset.com.vn\/?post_type=product&#038;p=2308"},"modified":"2023-04-28T02:18:04","modified_gmt":"2023-04-28T02:18:04","slug":"chan-tru-do-kim-thu-set","status":"publish","type":"product","link":"https:\/\/chongsetbacgiang.com\/?product=chan-tru-do-kim-thu-set","title":{"rendered":"Ch\u00e2n Tr\u1ee5 \u0110\u1ee1 Kim Thu S\u00e9t"},"content":{"rendered":"<h2>Ch\u00e2n Tr\u1ee5 \u0110\u1ee1 Kim Thu S\u00e9t L\u00e0 G\u00ec?<\/h2>\n<p>\u0110\u00e2y l\u00e0 s\u1ea3n ph\u1ea9m ra \u0111\u1eddi c\u00f9ng v\u1edbi\u00a0kim thu s\u00e9t ph\u00e1t tia ti\u00ean \u0111\u1ea1o, l\u00e0 m\u1ed9t ph\u1ea7n kh\u00f4ng th\u1ec3 thi\u1ebfu trong h\u1ec7 th\u1ed1ng ch\u1ed1ng s\u00e9t hi\u1ec7n \u0111\u1ea1i. Theo ti\u00eau chu\u1ea9n v\u00e0ng NFC 17-102 c\u1ee7a th\u1ebf gi\u1edbi v\u1ec1 thi\u1ebft k\u1ebf thu s\u00e9t, chi\u1ec1u cao c\u1ee7a m\u0169i kim so v\u1edbi \u0111i\u1ec3m cao nh\u1ea5t c\u1ee7a ng\u00f4i nh\u00e0 (b\u00ecnh n\u01b0\u1edbc, c\u00e2y c\u1ea3nh, t\u01b0\u1eddng bao, l\u1ed3ng chim&#8230;) ph\u1ea3i \u0111\u1ea1t t\u1ed1i thi\u1ec3u 2m (khuy\u1ebfn k\u00edch l\u00e0 5m). Tuy nhi\u00ean, s\u1ebd r\u1ea5t t\u1ed1n k\u00e9m chi ph\u00ed s\u1ea3n xu\u1ea5t \u0111\u1ec3 t\u1ea1o ra m\u1ed9t c\u00e2y kim d\u00e0i nh\u01b0 v\u1eady, ch\u01b0a t\u00ednh t\u1edbi chi ph\u00ed v\u1eadn chuy\u1ec3n n\u1eefa. T\u00ednh \u0111\u1ebfn th\u1eddi \u0111i\u1ec3m n\u00e0y, ch\u1ec9 duy nh\u1ea5t kim thu s\u00e9t Pulsar &#8211; M\u1eabu thu s\u00e9t ph\u00e1t tia ti\u00ean \u0111\u1ea1o \u0111\u1ea7u ti\u00ean c\u1ee7a th\u1ebf gi\u1edbi \u0111\u1ea1t \u0111\u01b0\u1ee3c ng\u01b0\u1ee1ng n\u00e0y.\u00a0Ch\u00ednh v\u00ec v\u1eady, ch\u00e2n tr\u1ee5 \u0111\u1ee1 kim thu s\u00e9t \u0111\u01b0\u1ee3c ra \u0111\u1eddi v\u00e0 \u0111\u01b0a v\u00e0o s\u1eed d\u1ee5ng, nh\u1eb1m m\u1ee5c \u0111\u00edch t\u1ea1o ra kho\u1ea3ng c\u00e1ch 2-5m k\u1ec3 tr\u00ean.<\/p>\n<p><img loading=\"lazy\" class=\"alignnone size-medium wp-image-2307\" src=\"https:\/\/thicongchongset.com.vn\/wp-content\/uploads\/2021\/03\/1587805397.nv-1-557x400.jpg\" alt=\"\" width=\"557\" height=\"400\" srcset=\"https:\/\/chongsetbacgiang.com\/wp-content\/uploads\/2021\/03\/1587805397.nv-1-557x400.jpg 557w, https:\/\/chongsetbacgiang.com\/wp-content\/uploads\/2021\/03\/1587805397.nv-1.jpg 568w\" sizes=\"(max-width: 557px) 100vw, 557px\" \/><\/p>\n<div>M\u1ed9t ch\u00e2n \u0111\u1ee1 ho\u00e0n ch\u1ec9nh \u0111\u01b0\u1ee3c c\u1ea5u t\u1ea1o t\u1eeb 3 b\u1ed9 ph\u1eadn ch\u00ednh: 1 m\u1eb7t b\u00edch, 4 ke v\u00e0 1 \u1ed1ng kim lo\u1ea1i. T\u1ea5t c\u1ea3 s\u1ebd \u0111\u01b0\u1ee3c h\u00e0n l\u1ea1i v\u1edbi nhau th\u00e0nh 1 kh\u1ed1i ho\u00e0n ch\u1ec9nh v\u00e0 s\u01a1n t\u0129nh \u0111i\u1ec7n b\u00ean ngo\u00e0i. M\u1eb7t b\u00edch \u0111a ph\u1ea7n c\u00f3 d\u1ea1ng h\u00ecnh vu\u00f4ng \u0111\u01b0\u1ee3c \u0111\u1ee5c 4 l\u1ed7 \u1edf 4 g\u00f3c. Th\u00f4ng qua bul\u00f4ng n\u1edf bung, ch\u00fang ta s\u1ebd c\u1ed1 \u0111\u1ecbnh ho\u00e0n to\u00e0n k\u1ebft c\u1ea5u n\u00e0y v\u00e0o m\u00e1i nh\u00e0. Ch\u00ednh gi\u1eefa m\u1eb7t b\u00edch th\u01b0\u1eddng \u0111\u01b0\u1ee3c \u0111\u1ee5c m\u1ed9t l\u1ed7 nh\u1ecf \u0111\u1ec3 tho\u00e1t n\u01b0\u1edbc m\u01b0a v\u00e0 lu\u1ed3n\u00a0<a href=\"http:\/\/congtyquanghung.com\/day-tiep-dia-1-2-118226.html\">d\u00e2y ti\u1ebfp \u0111\u1ecba<\/a>. \u1ed0ng kim lo\u1ea1i lu\u00f4n c\u00f3 d\u1ea1ng r\u1ed7ng, \u0111\u01b0\u1ee3c \u0111\u1eb7t th\u1eb3ng \u0111\u1ee9ng, g\u1eafn \u0111\u1ed3ng t\u00e2m v\u1edbi m\u1eb7t b\u00edch. \u0110\u1ea7u \u0111\u1ec3 ch\u1edd c\u00f3 \u0111\u1ee5c s\u1eb5n l\u1ed7 \u0111\u1ec3 li\u00ean k\u1ebft v\u1edbi kh\u1edbp n\u1ed1i kim; \u0111\u01b0\u1ee3c l\u00e0m s\u1eb5n tai \u0111\u1ec3 x\u1ecf d\u00e2y gi\u1eb1ng n\u00e9o. C\u00e1c ke l\u00e0 mi\u1ebfng kim lo\u1ea1i h\u00ecnh tam gi\u00e1c, \u0111\u01b0\u1ee3c ph\u00e2n b\u1ed1 \u0111\u1ec1u theo\u00a0 4 h\u01b0\u1edbng nh\u1eb1m gia c\u1ed1 li\u00ean k\u1ebft gi\u1eefa \u1ed1ng v\u00e0 m\u1eb7t b\u00edch.<\/div>\n<div>Ngo\u00e0i ki\u1ec3u ch\u00e2n \u0111\u1ee1 th\u00f4ng th\u01b0\u1eddng k\u1ec3 tr\u00ean, ch\u00fang ta c\u00f2n c\u00f3 m\u1ed9t ki\u1ec3u kh\u00e1c, \u0111\u01b0\u1ee3c l\u00e0m \u0111\u1ed9c l\u1eadp v\u1edbi ng\u00f4i nh\u00e0, \u0111\u01b0\u1ee3c g\u1ecdi l\u00e0 c\u1ed9t t\u1ef1 \u0111\u1ee9ng. Thay v\u00ec g\u1eafn tr\u1ef1c ti\u1ebfp v\u00e0o m\u00e1i th\u00ec ch\u00fang \u0111\u01b0\u1ee3c t\u1ea1o ngay b\u00ean c\u1ea1nh c\u00f4ng tr\u00ecnh \u0111\u01b0\u1ee3c b\u1ea3o v\u1ec7. \u0110\u00f3 l\u00e0 c\u00e1c c\u00e2y c\u1ed9t cao c\u00f3 chi\u1ec1u cao v\u1ed1n c\u00f3 v\u01b0\u1ee3t t\u1eeb 2-5m so v\u1edbi chi\u1ec1u cao th\u1ef1c t\u1ebf c\u1ee7a ng\u00f4i nh\u00e0. \u0110\u00f3 c\u00f3 th\u1ec3 l\u00e0 c\u1ed9t xi m\u0103ng ho\u1eb7c c\u1ed9t th\u00e9p r\u1ed7ng c\u1ee1 l\u1edbn (kho\u1ea3ng D200, h\u00ecnh l\u1ee5c gi\u00e1c hay b\u00e1t gi\u00e1c nh\u01b0 \u0111\u00e8n \u0111\u01b0\u1eddng)<\/div>\n<div>\n<h2>C\u00e1c Lo\u1ea1i Ch\u00e2n \u0110\u1ebf Kim Thu S\u00e9t C\u1ee7a Ch\u00fang T\u00f4i<\/h2>\n<hr \/>\n<p>S\u1ea3n ph\u1ea9m c\u1ee7a ch\u00fang t\u00f4i \u0111\u01b0\u1ee3c s\u1ea3n xu\u1ea5t t\u1eeb hai ch\u1ea5t li\u1ec7u ch\u00ednh l\u00e0 inox v\u00e0 m\u1ea1 k\u1ebdm. Trong \u0111\u00f3 m\u1ea1 k\u1ebdm \u0111\u01b0\u1ee3c \u01b0u ti\u00ean h\u01a1n nh\u1edd chi ph\u00ed th\u1ea5p. \u0110\u01b0\u1eddng k\u00ednh \u1ed1ng c\u00f3 nhi\u1ec1u l\u1ef1a ch\u1ecdn, t\u1eeb D42 cho t\u1edbi D100. Th\u00f4ng d\u1ee5ng nh\u1ea5t l\u00e0 D48 cho \u1ed1ng d\u01b0\u1edbi 1,5m v\u00e0 D60 cho \u1ed1ng d\u01b0\u1edbi 3m. Chi\u1ec1u d\u00e0i t\u1ed1i \u0111a c\u1ee7a \u1ed1ng \u0111\u1ee1 l\u00e0 5m nh\u01b0ng r\u1ea5t \u00edt khi l\u00e0m d\u00e0i h\u01a1n 3m v\u00ec r\u1ea5t kh\u00f3 v\u1eadn chuy\u1ec3n. Ngo\u00e0i ra, ch\u00fang t\u00f4i c\u0169ng nh\u1eadn l\u00e0m c\u1ea3 c\u1ed9t t\u1ef1 \u0111\u1ee9ng b\u1eb1ng th\u00e9p n\u1ebfu Qu\u00fd kh\u00e1ch h\u00e0ng c\u00f3 nhu c\u1ea7u<\/p>\n<\/div>\n","protected":false},"excerpt":{"rendered":"<h2>Ch\u00e2n \u0110\u1ebf Kim Thu S\u00e9t<\/h2>\n<h4><strong>Hotline:\u00a0<\/strong>0353.577.766<br \/>\n<strong>Email:<\/strong>\u00a0vnmax2@gmail.com<br \/>\n<strong>Website:<\/strong>\u00a0thicongchongset.com.vn<\/h4>\n","protected":false},"featured_media":2307,"comment_status":"open","ping_status":"closed","template":"","meta":{"om_disable_all_campaigns":false,"_mi_skip_tracking":false},"aioseo_notices":[],"_links":{"self":[{"href":"https:\/\/chongsetbacgiang.com\/index.php?rest_route=\/wp\/v2\/product\/2308"}],"collection":[{"href":"https:\/\/chongsetbacgiang.com\/index.php?rest_route=\/wp\/v2\/product"}],"about":[{"href":"https:\/\/chongsetbacgiang.com\/index.php?rest_route=\/wp\/v2\/types\/product"}],"replies":[{"embeddable":true,"href":"https:\/\/chongsetbacgiang.com\/index.php?rest_route=%2Fwp%2Fv2%2Fcomments&post=2308"}],"wp:featuredmedia":[{"embeddable":true,"href":"https:\/\/chongsetbacgiang.com\/index.php?rest_route=\/wp\/v2\/media\/2307"}],"wp:attachment":[{"href":"https:\/\/chongsetbacgiang.com\/index.php?rest_route=%2Fwp%2Fv2%2Fmedia&parent=2308"}],"curies":[{"name":"wp","href":"https:\/\/api.w.org\/{rel}","templated":true}]}}