{"id":2029,"date":"2021-02-14T01:28:38","date_gmt":"2021-02-14T01:28:38","guid":{"rendered":"https:\/\/thicongchongset.com.vn\/?post_type=product&#038;p=2029"},"modified":"2023-12-06T12:57:22","modified_gmt":"2023-12-06T12:57:22","slug":"ban-dong-tiep-dat","status":"publish","type":"product","link":"https:\/\/chongsetbacgiang.com\/?product=ban-dong-tiep-dat","title":{"rendered":"B\u1ea2N \u0110\u1ed2NG TI\u1ebeP \u0110\u1ea4T"},"content":{"rendered":"<p>B\u1ea2N \u0110\u1ed2NG TI\u1ebeP \u0110\u1ea4T\u00a0 EB-A-G1<\/p>\n<p>B\u1ea3ng \u0111\u1ed3ng ti\u1ebfp \u0111\u1ea5t hay b\u1ea3ng \u0111\u1ed3ng ti\u1ebfp \u0111\u1ecba, c\u00f3 t\u00e1c d\u1ee5ng ti\u1ebfp \u0111\u1ecba cho h\u1ec7 th\u1ed1ng \u0111i\u1ec7n, d\u00f9ng \u0111\u1ec3 k\u1ebft n\u1ed1i t\u1ea5t c\u1ea3 c\u00e1c thi\u1ebft b\u1ecb c\u1ea7n ti\u1ebfp m\u00e1t v\u00e0 n\u1ed1i \u0111\u1ea5t ch\u1ed1ng r\u00f2 r\u1ec9 \u0111i\u1ec7n. \u0110\u1ea3m b\u1ea3o an to\u00e0n cho m\u00e1y m\u00f3c v\u00e0 con ng\u01b0\u1eddi. B\u1ea3ng \u0111\u1ed3ng ti\u1ebfp \u0111\u1ea5t \u0111\u01b0\u1ee3c l\u00e0m t\u1eeb nh\u1eefng v\u1eadt li\u1ec7u c\u00f3 t\u00ednh d\u1eabn \u0111i\u1ec7n t\u1ed1t, kh\u00f4ng b\u1ecb r\u1ec9 s\u00e9t v\u00e0 \u0103n m\u00f2n theo th\u1eddi gian nh\u01b0 \u0111\u1ed3ng \u0111\u1ecf, \u0111\u1ed3ng v\u00e0ng, \u0111\u1ed3ng v\u00e0ng m\u1ea1 niken.<\/p>\n<p><a href=\"https:\/\/chongsettoanquoc.com\/wp-content\/uploads\/2019\/12\/90971373_2668175566744189_3824046508773212160_n.jpg\"><img loading=\"lazy\" class=\"wp-image-1820 aligncenter lazy-loaded\" src=\"https:\/\/chongsettoanquoc.com\/wp-content\/uploads\/2019\/12\/90971373_2668175566744189_3824046508773212160_n.jpg\" alt=\"\" width=\"495\" height=\"372\" data-lazy-type=\"image\" data-src=\"https:\/\/chongsettoanquoc.com\/wp-content\/uploads\/2019\/12\/90971373_2668175566744189_3824046508773212160_n.jpg\" \/><\/a><\/p>\n<p>V\u1edbi nhi\u1ec1u k\u00edch th\u01b0\u1edbc kh\u00e1c nhau t\u00f9y t\u1eebng m\u1ee5c \u0111\u00edch s\u1eed d\u1ee5ng ( ti\u1ebfp m\u00e1t cho thi\u1ebft b\u1ecb \u0111i\u1ec7n h\u1ed9 gia \u0111\u00ecnh, ti\u1ebfp m\u00e1t cho v\u1ecf thi\u1ebft b\u1ecb m\u00e1y m\u00f3c c\u00f4ng nghi\u1ec7p, ti\u1ebfp \u0111\u1ecba cho ph\u00f2ng m\u00e1y ch\u1ee7, ti\u1ebfp \u0111\u1ecba cho ph\u00f2ng server, vv..) B\u1ea3ng \u0111\u1ed3ng ti\u1ebfp \u0111\u1ecba \u0111\u01b0\u1ee3c l\u1eafp \u1edf trong t\u1ee7 \u0111i\u1ec7n s\u1eed d\u1ee5ng qu\u1ea3 s\u1ee9 c\u00e1ch \u0111i\u1ec7n + c\u1ea7u \u0111\u1edf\u00a0 \u0111\u1ec3 b\u1eaft c\u1ed1 \u0111\u1ecbnh v\u00e0o t\u01b0\u1eddng. k\u00edch th\u01b0\u1edbc 150x50x5mm, 200x50x5mm, 250x50x5mm. 300x100x5mm, 300x150x5mm<\/p>\n<p><img loading=\"lazy\" class=\"alignnone size-medium wp-image-2030\" src=\"https:\/\/thicongchongset.com.vn\/wp-content\/uploads\/2021\/02\/81325238_2588436894718057_6323867579857240064_n-1-800x363.jpg\" alt=\"\" width=\"800\" height=\"363\" srcset=\"https:\/\/chongsetbacgiang.com\/wp-content\/uploads\/2021\/02\/81325238_2588436894718057_6323867579857240064_n-1-800x363.jpg 800w, https:\/\/chongsetbacgiang.com\/wp-content\/uploads\/2021\/02\/81325238_2588436894718057_6323867579857240064_n-1-768x348.jpg 768w, https:\/\/chongsetbacgiang.com\/wp-content\/uploads\/2021\/02\/81325238_2588436894718057_6323867579857240064_n-1.jpg 960w\" sizes=\"(max-width: 800px) 100vw, 800px\" \/><\/p>\n<p>&nbsp;<\/p>\n<p>&nbsp;<\/p>\n<p>Ti\u1ebfp \u0111\u1ecba cho t\u1ee7 \u0111i\u1ec7n t\u1ed5ng<\/p>\n<p>&nbsp;<\/p>\n<p>&nbsp;<\/p>\n<p><strong>*Ch\u00fang t\u00f4i l\u00e0 c\u00f4ng ty h\u00e0ng \u0111\u1ea7u trong l\u0129nh v\u1ef1c ch\u1ed1ng s\u00e9t \u1edf Vi\u1ec7t Nam v\u1edbi \u0111\u1ea7y \u0111\u1ee7 c\u00e1c m\u1eb7t h\u00e0ng li\u00ean quan \u0111\u1ebfn ch\u1ed1ng s\u00e9t,<\/strong><\/p>\n<ul>\n<li>Cung c\u1ea5p v\u1eadt t\u01b0 ch\u1ed1ng s\u00e9t gi\u00e1 \u0111\u1ea1i l\u00fd<\/li>\n<li>Thi c\u00f4ng l\u1eafp \u0111\u1eb7t ch\u1ed1ng s\u00e9t to\u00e0n qu\u1ed1c<\/li>\n<li>D\u1ecbch v\u1ee5 h\u00e0n h\u00f3a nhi\u1ec7t ti\u1ebfp \u0111\u1ecba<\/li>\n<li>Thi c\u00f4ng b\u00e3i ti\u1ebfp \u0111\u1ecba c\u00e1c c\u00f4ng tr\u00ecnh<\/li>\n<li>C\u1ea5p ki\u1ec3m \u0111\u1ecbnh ch\u1ed1ng s\u00e9t ti\u00eau chu\u1ea9n BXD<\/li>\n<li>T\u01b0 v\u1ea5n, b\u00e1o gi\u00e1, h\u01b0\u1edbng d\u1eabn thi c\u00f4ng 24\/7<\/li>\n<\/ul>\n","protected":false},"excerpt":{"rendered":"<p>B\u1ea2N \u0110\u1ed2NG TI\u1ebeP \u0110\u1ea4T<\/p>\n<p>xu\u1ea5t s\u1ee9: Vi\u00eat Nam<\/p>\n<p><strong>Hotline:\u00a0<\/strong>0353.577.766<br \/>\n<strong>Email:<\/strong>\u00a0vnmax2@gmail.com<br \/>\n<strong>Website:<\/strong>\u00a0thicongchongset.com.vn<\/p>\n","protected":false},"featured_media":2794,"comment_status":"open","ping_status":"closed","template":"","meta":{"om_disable_all_campaigns":false,"_mi_skip_tracking":false},"aioseo_notices":[],"_links":{"self":[{"href":"https:\/\/chongsetbacgiang.com\/index.php?rest_route=\/wp\/v2\/product\/2029"}],"collection":[{"href":"https:\/\/chongsetbacgiang.com\/index.php?rest_route=\/wp\/v2\/product"}],"about":[{"href":"https:\/\/chongsetbacgiang.com\/index.php?rest_route=\/wp\/v2\/types\/product"}],"replies":[{"embeddable":true,"href":"https:\/\/chongsetbacgiang.com\/index.php?rest_route=%2Fwp%2Fv2%2Fcomments&post=2029"}],"wp:featuredmedia":[{"embeddable":true,"href":"https:\/\/chongsetbacgiang.com\/index.php?rest_route=\/wp\/v2\/media\/2794"}],"wp:attachment":[{"href":"https:\/\/chongsetbacgiang.com\/index.php?rest_route=%2Fwp%2Fv2%2Fmedia&parent=2029"}],"curies":[{"name":"wp","href":"https:\/\/api.w.org\/{rel}","templated":true}]}}