{"id":1922,"date":"2020-12-04T02:49:10","date_gmt":"2020-12-04T02:49:10","guid":{"rendered":"http:\/\/thicongchongset.com.vn\/?post_type=product&#038;p=1922"},"modified":"2023-12-06T13:09:32","modified_gmt":"2023-12-06T13:09:32","slug":"hoa-chat-giam-dien-tro-dat-gem-rr-cua-an-do-11-5kg-bao","status":"publish","type":"product","link":"https:\/\/chongsetbacgiang.com\/?product=hoa-chat-giam-dien-tro-dat-gem-rr-cua-an-do-11-5kg-bao","title":{"rendered":"H\u00f3a ch\u1ea5t gi\u1ea3m \u0111i\u1ec7n tr\u1edf \u0111\u1ea5t Gem RR c\u1ee7a \u1ea4N \u0110\u1ed8 (11.5kg\/bao)"},"content":{"rendered":"<h1><strong>H\u00f3a ch\u1ea5t gi\u1ea3m \u0111i\u1ec7n tr\u1edf \u0111\u1ea5t GEM RR (RAMRATNA \u1ea4n \u0110\u1ed9)<\/strong><\/h1>\n<h2><strong>M\u00f4 t\u1ea3 s\u1ea3n ph\u1ea9m:<\/strong><\/h2>\n<div>H\u00f3a ch\u1ea5t gi\u1ea3m \u0111i\u1ec7n tr\u1edf \u0111\u1ea5t GEM RR (RAMRATNA \u1ea4n \u0110\u1ed9) d\u00f9ng \u0111\u1ec3 t\u0103ng c\u01b0\u1eddng hi\u1ec7u qu\u1ea3 c\u1ee7a h\u1ec7 th\u1ed1ng ti\u1ebfp \u0111\u1ecba \u1edf nh\u1eefng khu v\u1ef1c \u0111\u1ed3i n\u00fai, \u0111\u00e1 s\u1ecfi ho\u1eb7c nh\u1eefng v\u00f9ng c\u00f3 \u0111i\u1ec7n tr\u1edf su\u1ea5t \u0111\u1ea5t cao. C\u00f3 th\u1ec3 d\u00f9ng GEM RR \u0111\u1ec3 b\u1ecdc c\u00e1p, c\u1ecdc ti\u1ebfp \u0111\u1ecba, ho\u1eb7c b\u1ecdc c\u00e1c lo\u1ea1i \u0111i\u1ec7n c\u1ef1c \u0111\u1ec3 t\u0103ng hi\u1ec7u qu\u1ea3 ti\u1ebfp x\u00fac b\u1ec1 m\u1eb7t v\u00e0o h\u1ec7 th\u1ed1ng ti\u1ebfp \u0111\u1ecba. GEM GW \u0111\u01b0\u1ee3c s\u1ea3n xu\u1ea5t b\u1edfi h\u00e3ng RAMRATNA\u00a0 \u1ea4n \u0110\u1ed9 v\u00e0 \u0111\u01b0\u1ee3c ph\u00e2n ph\u1ed1i ch\u00ednh h\u00e3ng t\u1ea1i Ch\u1ed1ng s\u00e9t Thi\u00ean Long.<\/div>\n<h2><strong>Th\u00f4ng tin v\u1ec1 h\u00f3a ch\u1ea5t gi\u1ea3m \u0111i\u1ec7n tr\u1edf \u0111\u1ea5t GEM RR (RAMRATNA \u1ea4n \u0110\u1ed9):<\/strong><\/h2>\n<div>&#8211; H\u00e3ng s\u1ea3n xu\u1ea5t: RAMRATNA<\/div>\n<div>&#8211; Xu\u1ea5t x\u1ee9: \u1ea4n \u0110\u1ed9<\/div>\n<div>&#8211; M\u00e3 s\u1ea3n ph\u1ea9m : Gem RR<\/div>\n<div>&#8211; Kh\u1ea3 n\u0103ng gi\u1ea3m \u0111i\u1ec7n tr\u1edf ti\u1ebfp \u0111\u1ecba: 60% &#8211; 90%<\/div>\n<div>&#8211; Tr\u1ecdng l\u01b0\u1ee3ng: 11.5kg\/bao<\/div>\n<div>&#8211; M\u1eadt \u0111\u1ed9 s\u1eed d\u1ee5ng GEM RR: 1450 kg\/m3.<\/div>\n<div>&#8211; \u0110i\u1ec7n tr\u1edf su\u1ea5t c\u1ee7a GEM RR kho\u1ea3ng 2 Ohm-cm<\/div>\n<div>&#8211; Gi\u00e1 tham kh\u1ea3o (*): Li\u00ean h\u1ec7<\/div>\n<div>\u0110\u01a1n gi\u00e1 tr\u00ean ch\u01b0a bao g\u1ed3m VAT 10%.<\/div>\n<div>&#8211; S\u1ea3n ph\u1ea9m l\u00e0 h\u1ee3p ch\u1ea5t g\u1ed3m b\u1ed9t than ch\u00ec, xim\u0103ng poocl\u0103ng v\u00e0 m\u1ed9t s\u1ed1 ho\u00e1 ch\u1ea5t kh\u00e1c, d\u00f9ng \u0111\u1ec3 t\u0103ng c\u01b0\u1eddng hi\u1ec7u qu\u1ea3 c\u1ee7a h\u1ec7 th\u1ed1ng ti\u1ebfp \u0111\u1ecba \u1edf nh\u1eefng khu v\u1ef1c \u0111\u1ed3i n\u00fai, \u0111\u00e1 s\u1ecfi ho\u1eb7c nh\u1eefng v\u00f9ng c\u00f3 \u0111i\u1ec7n tr\u1edf su\u1ea5t \u0111\u1ea5t cao.<\/div>\n<div>&#8211; C\u00f3 th\u1ec3 d\u00f9ng GEM RR \u0111\u1ec3 b\u1ecdc c\u00e1p, c\u1ecdc ti\u1ebfp \u0111\u1ecba, ho\u1eb7c b\u1ecdc c\u00e1c lo\u1ea1i \u0111i\u1ec7n c\u1ef1c \u0111\u1ec3 t\u0103ng hi\u1ec7u qu\u1ea3 ti\u1ebfp x\u00fac b\u1ec1 m\u1eb7t v\u00e0o h\u1ec7 th\u1ed1ng ti\u1ebfp \u0111\u1ecba.<\/div>\n<div>&#8211; H\u00f3a ch\u1ea5t ti\u1ebfp \u0111\u1ecba (GEM RR), t\u0103ng di\u1ec7n t\u00edch ti\u1ebfp x\u00fac c\u1ee7a c\u1ecdc ti\u1ebfp \u0111\u1ecba, gi\u1ea3m \u0111i\u1ec7n tr\u1edf ti\u1ebfp \u0111\u1ecba t\u1eeb 60% \u0111\u1ebfn 90%, b\u1ea3o v\u1ec7 c\u1ecdc ti\u1ebfp \u0111\u1ecba kh\u1ecfi c\u00e1c lo\u1ea1i h\u00f3a ch\u1ea5t v\u00e0 oxi h\u00f3a, n\u00e2ng tu\u1ed5i th\u1ecd c\u1ecdc ti\u1ebfp \u0111\u1ecba l\u00ean h\u01a1n 25 n\u0103m.<\/div>\n<div>&#8211; C\u00f3 th\u1ec3 r\u1ea3i tr\u1ef1c ti\u1ebfp b\u1ed9t GEM RR ho\u1eb7c pha v\u1edbi n\u01b0\u1edbc s\u1ea1ch kho\u1ea3ng 7 l\u00edt\/bao.<\/div>\n<div><\/div>\n<h2><strong>\u1ee8ng d\u1ee5ng v\u01b0\u1ee3t tr\u1ed9i c\u1ee7a h\u00f3a ch\u1ea5t gi\u1ea3m \u0111i\u1ec7n tr\u1edf \u0111\u1ea5t GEM RR (RAMRATNA \u1ea4n \u0110\u1ed9):<\/strong><\/h2>\n<div>&#8211; L\u00e0m gi\u1ea3m \u0111i\u1ec7n tr\u1edf c\u1ee7a h\u1ec7 th\u1ed1ng ti\u1ebfp \u0111\u1ecba r\u1ea5t nhi\u1ec1u so v\u1edbi h\u1ec7 th\u1ed1ng th\u00f4ng th\u01b0\u1eddng.<\/div>\n<div>&#8211; Ch\u1ed1ng \u0103n m\u00f2n v\u00e0 k\u00e9o d\u00e0i tu\u1ed5i th\u1ecd cho d\u00e2y d\u1eabn v\u00e0 c\u1ecdc ti\u1ebfp \u0111\u1ecba sau khi s\u1eed d\u1ee5ng GEM RR \u0111\u1ec3 b\u1ecdc l\u1ea1i.<\/div>\n<div>&#8211; S\u1eed d\u1ee5ng hi\u1ec7u qu\u1ea3 trong nh\u1eefng khu v\u1ef1c kh\u00f3 kh\u0103n v\u00e0 h\u1ea1n ch\u1ebf m\u1eb7t b\u1eb1ng thi c\u00f4ng.<\/div>\n<div>&#8211; Gi\u1eef \u0111i\u1ec7n tr\u1edf \u0111\u1ea5t c\u1ee7a h\u1ec7 th\u1ed1ng ti\u1ebfp \u0111\u1ecba \u1ed5n \u0111\u1ecbnh trong m\u1ed9t th\u1eddi gian d\u00e0i.<\/div>\n<div>&#8211; C\u00f3 th\u1ec3 d\u00f9ng GEM RR \u0111\u1ec3 b\u1ecdc c\u00e1p ti\u1ebfp \u0111\u1ecba n\u1eb1m ngang trong m\u01b0\u01a1ng ho\u1eb7c b\u1ecdc c\u1ecdc ti\u1ebfp \u0111\u1ecba khoan th\u1eb3ng \u0111\u1ee9ng v\u00e0o \u0111\u1ea5t.<\/div>\n<h2><strong>H\u01b0\u1edbng d\u1eabn an to\u00e0n s\u1eed d\u1ee5ng:<\/strong><\/h2>\n<div>&#8211; \u0110eo bao tay v\u00e0 kh\u1ea9u trang khi s\u1eed d\u1ee5ng.<\/div>\n<div>&#8211; Kh\u00f4ng \u0111\u1ec3 th\u1ea5m n\u01b0\u1edbc trong qu\u00e1 tr\u00ecnh v\u1eadn chuy\u1ec3n. B\u1ea3o qu\u1ea3n n\u01a1i kh\u00f4 r\u00e1o, tho\u00e1ng m\u00e1t.<\/div>\n<div>&#8211; R\u1eeda s\u1ea1ch b\u1eb1ng x\u00e0 ph\u00f2ng n\u1ebfu h\u00f3a ch\u1ea5t ti\u1ebfp x\u00fac v\u00e0o da. N\u1ebfu b\u1ecb d\u00ednh v\u00e0o m\u1eaft, h\u00e3y r\u1eeda ngay v\u1edbi n\u01b0\u1edbc s\u1ea1ch. \u0110\u1ebfn b\u00e1c s\u0129 ngay n\u1ebfu th\u1ea5y nh\u1eefng d\u1ea5u hi\u1ec7u b\u1ea5t th\u01b0\u1eddng.<\/div>\n<div>&#8211; Th\u1ef1c hi\u1ec7n theo \u0111\u00fang h\u01b0\u1edbng d\u1eabn khi s\u1eed d\u1ee5ng.<\/div>\n","protected":false},"excerpt":{"rendered":"<div>\n<h2>H\u00f3a ch\u1ea5t gi\u1ea3m \u0111i\u1ec7n tr\u1edf \u0111\u1ea5t GEM RR (RAMRATNA \u1ea4n \u0110\u1ed9)<\/h2>\n<div>&#8211; H\u00e3ng s\u1ea3n xu\u1ea5t: RAMRATNA<\/div>\n<div>&#8211; Xu\u1ea5t x\u1ee9: \u1ea4n \u0110\u1ed9<\/div>\n<div>&#8211; M\u00e3 s\u1ea3n ph\u1ea9m : Gem RR<\/div>\n<div>&#8211; Kh\u1ea3 n\u0103ng gi\u1ea3m \u0111i\u1ec7n tr\u1edf ti\u1ebfp \u0111\u1ecba: 60% &#8211; 90%<\/div>\n<div>&#8211; Tr\u1ecdng l\u01b0\u1ee3ng: 11.5kg\/bao<\/div>\n<div>&#8211; M\u1eadt \u0111\u1ed9 s\u1eed d\u1ee5ng GEM RR: 1450 kg\/m3.<\/div>\n<div>&#8211; \u0110i\u1ec7n tr\u1edf su\u1ea5t c\u1ee7a GEM RR kho\u1ea3ng 2 Ohm-cm<\/div>\n<\/div>\n<p>&nbsp;<\/p>\n","protected":false},"featured_media":1723,"comment_status":"open","ping_status":"closed","template":"","meta":{"om_disable_all_campaigns":false,"_mi_skip_tracking":false},"aioseo_notices":[],"_links":{"self":[{"href":"https:\/\/chongsetbacgiang.com\/index.php?rest_route=\/wp\/v2\/product\/1922"}],"collection":[{"href":"https:\/\/chongsetbacgiang.com\/index.php?rest_route=\/wp\/v2\/product"}],"about":[{"href":"https:\/\/chongsetbacgiang.com\/index.php?rest_route=\/wp\/v2\/types\/product"}],"replies":[{"embeddable":true,"href":"https:\/\/chongsetbacgiang.com\/index.php?rest_route=%2Fwp%2Fv2%2Fcomments&post=1922"}],"wp:featuredmedia":[{"embeddable":true,"href":"https:\/\/chongsetbacgiang.com\/index.php?rest_route=\/wp\/v2\/media\/1723"}],"wp:attachment":[{"href":"https:\/\/chongsetbacgiang.com\/index.php?rest_route=%2Fwp%2Fv2%2Fmedia&parent=1922"}],"curies":[{"name":"wp","href":"https:\/\/api.w.org\/{rel}","templated":true}]}}