{"id":1817,"date":"2020-11-22T09:34:31","date_gmt":"2020-11-22T09:34:31","guid":{"rendered":"http:\/\/thicongchongset.com.vn\/?post_type=product&#038;p=1817"},"modified":"2023-04-28T02:29:27","modified_gmt":"2023-04-28T02:29:27","slug":"kim-thu-set-liva","status":"publish","type":"product","link":"https:\/\/chongsetbacgiang.com\/?product=kim-thu-set-liva","title":{"rendered":"KIM THU S\u00c9T LIVA"},"content":{"rendered":"<p>D\u00f2ng s\u1ea3n ph\u1ea9m kim thu s\u00e9t liva nh\u1eadp kh\u1ea9u t\u1eeb Th\u1ed5 Nh\u0129 K\u1ef3 \u0111ang d\u1ea7n kh\u1eb3ng \u0111\u1ecbnh ch\u1ed7 \u0111\u1ee9ng trong th\u1ecb tr\u01b0\u1eddng ch\u1ed1ng s\u00e9t Vi\u1ec7t Nam. M\u1eb7c d\u00f9 ra \u0111\u1eddi mu\u1ed9n h\u01a1n so v\u1edbi c\u00e1c h\u00e3ng s\u1ea3n xu\u1ea5t kh\u00e1c, kim thu s\u00e9t liva v\u1eabn \u0111\u1ec3 l\u1ea1i d\u1ea5u \u1ea5n t\u1ed1t v\u1ec1 ch\u1ea5t l\u01b0\u1ee3ng c\u0169ng nh\u01b0 \u0111\u1ed9 b\u1ec1n s\u1eed d\u1ee5ng. S\u1ea3n ph\u1ea9m n\u00e0y \u0111\u00e3 nh\u1eadn \u0111\u01b0\u1ee3c ch\u1ee9ng nh\u1eadn ch\u1ea5t l\u01b0\u1ee3ng c\u1ee7a nhi\u1ec1u ph\u00f2ng th\u00ed nghi\u1ec7m danh ti\u1ebfng \u1edf Ch\u00e2u \u00c2u. C\u00f3 th\u1ec3 k\u1ec3 t\u00ean nh\u01b0 Sigma, Metu, Ea, Ilac.<\/p>\n<p><a href=\"https:\/\/chongsettoanquoc.com\/wp-content\/uploads\/2017\/11\/screen_shot_2016-08-05_at_3.37.49_pm_large1.png\"><img loading=\"lazy\" class=\"alignnone size-full wp-image-1736 lazy-loaded\" src=\"https:\/\/chongsettoanquoc.com\/wp-content\/uploads\/2017\/11\/screen_shot_2016-08-05_at_3.37.49_pm_large1.png\" alt=\"\" width=\"480\" height=\"268\" data-lazy-type=\"image\" data-src=\"https:\/\/chongsettoanquoc.com\/wp-content\/uploads\/2017\/11\/screen_shot_2016-08-05_at_3.37.49_pm_large1.png\" \/><\/a><\/p>\n<p><strong>1. kim thu s\u00e9t hi\u1ec7n \u0111\u1ea1i, ph\u00e1t x\u1ea1 s\u1edbm c\u1ee7a h\u00e3ng LIVA\u00a0 LAP-CX040, Th\u1ed5 Nh\u0129 K\u1ef3 (Turkiye) b\u00e1n k\u00ednh b\u1ea3o v\u1ec7 61m<\/strong><\/p>\n<p><strong>2.\u00a0<\/strong><strong>Kim thu s\u00e9t Liva, kim thu s\u00e9t hi\u1ec7n \u0111\u1ea1i, ph\u00e1t x\u1ea1 s\u1edbm c\u1ee7a h\u00e3ng\u00a0LIVA\u00a0LAP-CX070\u00a0c\u1ee7aTh\u1ed5 Nh\u0129 K\u1ef3\u00a0(Turkiye) b\u00e1n k\u00ednh b\u1ea3o v\u1ec7\u00a072m<\/strong><\/p>\n<p><strong>3.\u00a0<\/strong><strong>Kim thu s\u00e9t Liva, kim thu s\u00e9t hi\u1ec7n \u0111\u1ea1i, ph\u00e1t x\u1ea1 s\u1edbm c\u1ee7a h\u00e3ng\u00a0LIVA\u00a0LAP-BX125,\u00a0Th\u1ed5 Nh\u0129 K\u1ef3\u00a0(Turkiye),\u00a0b\u00e1n k\u00ednh b\u1ea3o v\u1ec7\u00a084m<\/strong><\/p>\n<p><strong>4.\u00a0<\/strong><strong>Kim thu s\u00e9t Liva, kim thu s\u00e9t hi\u1ec7n \u0111\u1ea1i, ph\u00e1t x\u1ea1 s\u1edbm c\u1ee7a h\u00e3ng\u00a0LIVA\u00a0LAP-BX175,\u00a0Th\u1ed5 Nh\u0129 K\u1ef3\u00a0(Turkiye)\u00a0b\u00e1n k\u00ednh b\u1ea3o v\u1ec7\u00a0110m<\/strong><\/p>\n<p><strong>5.\u00a0<\/strong><strong>Kim thu s\u00e9t Liva, l\u00e0 kim thu s\u00e9t hi\u1ec7n \u0111\u1ea1i, ph\u00e1t x\u1ea1 s\u1edbm c\u1ee7a h\u00e3ng\u00a0LIVA\u00a0LAP-AX210\u00a0c\u1ee7aTh\u1ed5 Nh\u0129 K\u1ef3\u00a0(Turkiye)\u00a0b\u00e1n k\u00ednh b\u1ea3o v\u1ec7\u00a0131m<\/strong><\/p>\n<p><strong>6.\u00a0<\/strong><strong>Kim thu s\u00e9t Liva, kim thu s\u00e9t hi\u1ec7n \u0111\u1ea1i, ph\u00e1t x\u1ea1 s\u1edbm c\u1ee7a h\u00e3ng\u00a0LIVA\u00a0LAP-DX250\u00a0c\u1ee7aTh\u1ed5 Nh\u0129 K\u1ef3\u00a0(Turkiye)\u00a0b\u00e1n k\u00ednh b\u1ea3o v\u1ec7\u00a0146m<\/strong><\/p>\n<p><a href=\"https:\/\/chongsettoanquoc.com\/wp-content\/uploads\/2017\/11\/37958090_2205127236382360_869578260072103936_n.jpg\"><img loading=\"lazy\" class=\"wp-image-1737 aligncenter lazy-loaded\" src=\"https:\/\/chongsettoanquoc.com\/wp-content\/uploads\/2017\/11\/37958090_2205127236382360_869578260072103936_n.jpg\" alt=\"\" width=\"484\" height=\"860\" data-lazy-type=\"image\" data-src=\"https:\/\/chongsettoanquoc.com\/wp-content\/uploads\/2017\/11\/37958090_2205127236382360_869578260072103936_n.jpg\" \/><\/a><\/p>\n<p><a href=\"https:\/\/chongsettoanquoc.com\/wp-content\/uploads\/2017\/11\/45624438_2278907219004361_3096007396997201920_n-1.jpg\"><img loading=\"lazy\" class=\"wp-image-1738 aligncenter lazy-loaded\" src=\"https:\/\/chongsettoanquoc.com\/wp-content\/uploads\/2017\/11\/45624438_2278907219004361_3096007396997201920_n-1.jpg\" alt=\"\" width=\"497\" height=\"668\" data-lazy-type=\"image\" data-src=\"https:\/\/chongsettoanquoc.com\/wp-content\/uploads\/2017\/11\/45624438_2278907219004361_3096007396997201920_n-1.jpg\" \/><\/a><\/p>\n<div class=\"entry-content single-page\">\n<h2><strong><span id=\"Nguyen_ly_hoat_dong\" class=\"ez-toc-section\">Nguy\u00ean l\u00fd ho\u1ea1t \u0111\u1ed9ng<\/span><\/strong><\/h2>\n<p>Ho\u1ea1t \u0111\u1ed9ng tr\u00ean nguy\u00ean l\u00fd ph\u00e1t tia ti\u00ean \u0111\u1ea1o, kim thu s\u00e9t liva l\u00e0 s\u1ea3n ph\u1ea9m c\u1ee7a c\u00f4ng ngh\u1ec7 hi\u1ec7n \u0111\u1ea1i. B\u00e1n k\u00ednh b\u1ea3o v\u1ec7 \u0111\u1ea1t c\u1ea3 ti\u00eau chu\u1ea9n NFC 17-102 c\u1ee7a Ph\u00e1p, ti\u00eau chu\u1ea9n IEC61083 v\u00e0 IEC 60060.<\/p>\n<figure id=\"attachment_1308\" class=\"wp-caption aligncenter\" aria-describedby=\"caption-attachment-1308\"><figcaption id=\"caption-attachment-1308\" class=\"wp-caption-text\">Catalogue kim thu s\u00e9t Liva<\/figcaption><\/figure>\n<h3><strong><span id=\"Nguyen_ly_tia_tien_dao\" class=\"ez-toc-section\">Nguy\u00ean l\u00fd tia ti\u00ean \u0111\u1ea1o<\/span><\/strong><\/h3>\n<p>Ch\u1ee7 \u0111\u1ed9ng ph\u00e1t ra tia ti\u00ean \u0111\u1ea1o \u0111i l\u00ean thu \u0111\u00f3n n\u1eb7ng l\u01b0\u1ee3ng s\u00e9t l\u00e0 c\u00e1ch hi\u1ec3u \u0111\u01a1n gi\u1ea3n v\u1ec1 ho\u1ea1t \u0111\u1ed9ng c\u1ee7a kim thu s\u00e9t liva. S\u00e9t \u0111\u00e1nh xu\u1ed1ng m\u1eb7t \u0111\u1ea5t t\u1ea1o m\u1ed9t v\u00f9ng \u0111i\u1ec7n tr\u01b0\u1eddng m\u1ea1nh. Lu\u1ed3ng \u0111i\u1ec7n tr\u01b0\u1eddng t\u0103ng nhanh khi tia ti\u00ean \u0111\u1ea1o c\u1ee7a kim thu s\u00e9t ti\u1ebfn l\u1ea1i g\u1ea7n. L\u00fac n\u00e0y tia ti\u00ean \u0111\u1ea1o \u0111i l\u00ean c\u1ee7a kim thu s\u00e9t ti\u1ebfp x\u00fac v\u1edbi tia ti\u00ean \u0111\u1ea1o \u0111i xu\u1ed1ng c\u1ee7a \u0111\u00e1m m\u00e2y gi\u00f4ng. \u0110i\u1ec1u n\u00e0y x\u1ea3y ra tr\u01b0\u1edbc khi c\u00e1c \u0111i\u1ec3m cao kh\u00e1c g\u1ea7n \u0111\u00f3 ph\u00f3ng l\u00ean d\u00f2ng \u0111i\u1ec7n d\u1eabn.<\/p>\n<p>Nh\u01b0 v\u1eady, \u0111i\u1ec3m xu\u1ea5t ph\u00e1t \u0111\u1ea7u ti\u00ean c\u1ee7a tia ti\u00ean \u0111\u1ea1o \u0111i l\u00ean s\u1ebd quy\u1ebft \u0111\u1ecbnh \u0111i\u1ec3m s\u00e9t \u0111\u00e1nh l\u00ean m\u1eb7t \u0111\u1ea5t. C\u00e1c h\u1ea1t electron d\u01b0\u1edbi th\u1ec3 plasma tr\u00ean \u0111\u1ec9nh kim thu s\u00e9t ion h\u00f3a, h\u00ecnh th\u00e0nh \u0111\u00fang th\u1eddi \u0111i\u1ec3m s\u00e9t ph\u00e1t ra tia \u0111i\u1ec7n<\/p>\n<h3><strong><span id=\"Ban_kinh_bao_ve\" class=\"ez-toc-section\">B\u00e1n k\u00ednh b\u1ea3o v\u1ec7<\/span><\/strong><\/h3>\n<p>B\u00e1n k\u00ednh b\u1ea3o v\u1ec7 l\u00e0 ph\u1ea1m vi an to\u00e0n m\u00e0 kim thu s\u00e9t c\u00f3 th\u1ec3 b\u1ea3o v\u1ec7. T\u00f9y v\u00e0o quy m\u00f4, di\u1ec7n t\u00edch c\u00f4ng tr\u00ecnh m\u00e0 ng\u01b0\u1eddi ta l\u1ef1a ch\u1ecdn c\u00e1c lo\u1ea1i kim thu c\u00f3 b\u00e1n k\u00ednh b\u1ea3o v\u1ec7 kh\u00e1c nhau. Th\u00f4ng th\u01b0\u1eddng, m\u1ed7i lo\u1ea1i kim thu s\u00e9t s\u1ebd c\u00f3 t\u1eeb 3-4 c\u1ea5p \u0111\u1ed9 b\u1ea3o v\u1ec7. C\u00e0ng xa b\u00e1n k\u00ednh chu\u1ea9n th\u00ec kh\u1ea3 n\u0103ng b\u1ea3o v\u1ec7 c\u00e0ng gi\u1ea3m. Ngo\u00e0i ra, b\u00e1n k\u00ednh b\u1ea3o v\u1ec7 c\u0169ng thay \u0111\u1ed5i theo \u0111\u1ed9 cao c\u00f4ng tr\u00ecnh. \u0110\u1ed9 cao chu\u1ea9n th\u01b0\u1eddng \u0111\u01b0\u1ee3c t\u00ednh h=5m.<\/p>\n<p>B\u00e1n k\u00ednh b\u1ea3o v\u1ec7 c\u1ee7a kim thu s\u00e9t liva \u0111\u01b0\u1ee3c t\u00ednh theo ti\u00eau chu\u1ea9n c\u1ee7a Ph\u00e1p NFC 17-102. Theo \u0111\u00f3, vi\u1ec7c x\u00e1c \u0111\u1ecbnh v\u00f9ng an to\u00e0n ph\u1ee5 thu\u1ed9c v\u00e0o nhi\u1ec1u th\u00f4ng s\u1ed1 k\u1ef9 thu\u1eadt.<\/p>\n<h3><strong>Catalogue kim thu s\u00e9t liva<\/strong><\/h3>\n<p>\u0110\u01b0\u1ee3c ch\u1ebf t\u1ea1o t\u1eeb th\u00e9p kh\u00f4ng g\u1ec9, kim thu s\u00e9t liva c\u00f3 \u0111\u1ed9 b\u1ec1n s\u1eed d\u1ee5ng c\u00f3 th\u1ec3 l\u00ean t\u1edbi 30 n\u0103m. \u0110i\u1ec1u n\u00e0y \u0111\u01b0\u1ee3c \u0111\u00e1nh gi\u00e1 cao trong \u0111i\u1ec1u ki\u1ec7n th\u1eddi ti\u1ebft n\u00f3ng \u1ea9m nh\u01b0 \u1edf n\u01b0\u1edbc ta. Chi\u1ec1u d\u00e0i kim \u0111\u1ea1t t\u1edbi 1m. S\u1eed d\u1ee5ng cho l\u1eafp \u0111\u1eb7t h\u1ec7 th\u1ed1ng ch\u1ed1ng s\u00e9t tr\u1ef1c ti\u1ebfp. Nhi\u1ec7t \u0111\u1ed9 s\u1eed d\u1ee5ng t\u1eeb -40 \u0111\u1ed9 \u0111\u1ebfn 120 \u0111\u1ed9.<\/p>\n<p>C\u1ea5u t\u1ea1o c\u1ee7a kim thu s\u00e9t bao g\u1ed3m \u0111\u1ea7u kim v\u00e0 th\u00e2n kim. \u0110\u1ea7u kim \u0111\u01b0\u1ee3c l\u00e0m t\u01b0\u01a1ng \u0111\u1ed1i nh\u1ecdn \u0111\u1ec3 h\u1ed7 tr\u1ee3 thu s\u00e9t. Ph\u1ea7n th\u00e2n kim g\u1eafn b\u1ed9 ph\u1eadn ph\u00e1t x\u1ea1 tia ti\u00ean \u0111\u1ea1o.<\/p>\n<p>Ngo\u00e0i nh\u1eefng \u0111\u1eb7c t\u00ednh chung k\u1ec3 tr\u00ean, m\u1ed7i model s\u1ea3n ph\u1ea9m l\u1ea1i c\u00f3 nh\u1eefng th\u00f4ng s\u1ed1 k\u1ef9 thu\u1eadt ri\u00eang. \u0110i\u1ec1u n\u00e0y \u0111\u00e1p \u1ee9ng nhu c\u1ea7u s\u1eed d\u1ee5ng \u0111a d\u1ea1ng c\u1ee7a ng\u01b0\u1eddi d\u00f9ng.<\/p>\n<h3><strong><span id=\"Kim_thu_set_liva_lap-ax210\" class=\"ez-toc-section\">Kim thu s\u00e9t liva lap-ax210<\/span><\/strong><\/h3>\n<ul>\n<li>Th\u1eddi gian ph\u00e1t tia ti\u00ean \u0111\u1ea1o: 82\u00b5s<\/li>\n<li>Kh\u1ed1i l\u01b0\u1ee3ng: 5,0kg<\/li>\n<li>B\u00e1n k\u00ednh b\u1ea3o v\u1ec7 4 c\u1ea5p, ti\u00eau chu\u1ea9n \u0111\u1ed9 cao 5-6m: 100m- 109m- 121m- 131m<\/li>\n<li>Ph\u00f9 h\u1ee3p v\u1edbi c\u00f4ng tr\u00ecnh l\u1edbn nh\u01b0 khu c\u00f4ng nghi\u1ec7p, nh\u00e0 x\u01b0\u1edfng, t\u00f2a nh\u00e0 cao t\u1ea7ng, resort, c\u00f4ng vi\u00ean,\u2026<\/li>\n<\/ul>\n<p><img loading=\"lazy\" class=\"aligncenter lazy-loaded\" src=\"https:\/\/kimthuset.com.vn\/wp-content\/uploads\/2019\/03\/Kim-thu-se%CC%81t-liva-lap-ax210.png\" alt=\"Kim thu s\u00e9t liva lap-ax210\" width=\"669\" height=\"452\" data-lazy-type=\"image\" data-src=\"https:\/\/kimthuset.com.vn\/wp-content\/uploads\/2019\/03\/Kim-thu-se%CC%81t-liva-lap-ax210.png\" \/><\/p>\n<h3><strong><span id=\"Kim_thu_set_liva_lap-bx175\" class=\"ez-toc-section\">Kim thu s\u00e9t liva lap-bx175<\/span><\/strong><\/h3>\n<ul>\n<li>Th\u1eddi gian ph\u00e1t tia ti\u00ean \u0111\u1ea1o: 63\u00b5s<\/li>\n<li>Kh\u1ed1i l\u01b0\u1ee3ng: 5,0kg<\/li>\n<li>B\u00e1n k\u00ednh b\u1ea3o v\u1ec7 4 c\u1ea5p, ti\u00eau chu\u1ea9n \u0111\u1ed9 cao 5-6m: 82m \u2013 90m \u2013 100m \u2013 110m<\/li>\n<li>Ph\u00f9 h\u1ee3p v\u1edbi c\u00f4ng tr\u00ecnh c\u00f3 quy m\u00f4 di\u1ec7n t\u00edch l\u1edbn nh\u01b0 KCN, nh\u00e0 m\u00e1y, chung c\u01b0 hay c\u00e1c ng\u00f4i bi\u1ec7t th\u1ef1<\/li>\n<\/ul>\n<p><img loading=\"lazy\" class=\"wp-image-1310 lazy-load-active lazyloaded aligncenter lazy-loaded\" title=\"Kim thu s\u00e9t liva lap-bx175\" src=\"https:\/\/kimthuset.com.vn\/wp-content\/uploads\/2019\/03\/Kim-thu-se%CC%81t-liva-lap-bx175.png\" sizes=\"(max-width: 980px) 100vw, 980px\" srcset=\"https:\/\/kimthuset.com.vn\/wp-content\/uploads\/2019\/03\/Kim-thu-se\u0301t-liva-lap-bx175.png 980w, https:\/\/kimthuset.com.vn\/wp-content\/uploads\/2019\/03\/Kim-thu-se\u0301t-liva-lap-bx175-592x400.png 592w, https:\/\/kimthuset.com.vn\/wp-content\/uploads\/2019\/03\/Kim-thu-se\u0301t-liva-lap-bx175-768x519.png 768w, https:\/\/kimthuset.com.vn\/wp-content\/uploads\/2019\/03\/Kim-thu-se\u0301t-liva-lap-bx175-800x540.png 800w\" alt=\"Kim thu s\u00e9t liva lap-bx175\" width=\"585\" height=\"395\" data-lazy-type=\"image\" data-src=\"https:\/\/kimthuset.com.vn\/wp-content\/uploads\/2019\/03\/Kim-thu-se%CC%81t-liva-lap-bx175.png\" data-srcset=\"\" data-was-processed=\"true\" \/><\/p>\n<h3><strong><span id=\"Kim_thu_set_liva_lap-cx040\" class=\"ez-toc-section\">Kim thu s\u00e9t liva lap-cx040<\/span><\/strong><\/h3>\n<ul>\n<li>Th\u1eddi gian ph\u00e1t tia ti\u00ean \u0111\u1ea1o: 22\u00b5s<\/li>\n<li>Kh\u1ed1i l\u01b0\u1ee3ng: 2,3kg<\/li>\n<li>B\u00e1n k\u00ednh b\u1ea3o v\u1ec7 4 c\u1ea5p, ti\u00eau chu\u1ea9n \u0111\u1ed9 cao 5-6m: 39m- 46m- 54m- 61m<\/li>\n<li>Ph\u00f9 h\u1ee3p v\u1edbi c\u00e1c c\u00f4ng tr\u00ecnh nh\u00e0 \u1edf d\u00e2n d\u1ee5ng, quy m\u00f4 di\u1ec7n t\u00edch trung b\u00ecnh<img loading=\"lazy\" class=\"wp-image-1311 lazy-load-active lazyloaded aligncenter lazy-loaded\" title=\"Kim thu s\u00e9t liva lap-cx040\" src=\"https:\/\/kimthuset.com.vn\/wp-content\/uploads\/2019\/03\/Kim-thu-se%CC%81t-liva-lap-cx040.jpg\" sizes=\"(max-width: 980px) 100vw, 980px\" srcset=\"https:\/\/kimthuset.com.vn\/wp-content\/uploads\/2019\/03\/Kim-thu-se\u0301t-liva-lap-cx040.jpg 980w, https:\/\/kimthuset.com.vn\/wp-content\/uploads\/2019\/03\/Kim-thu-se\u0301t-liva-lap-cx040-592x400.jpg 592w, https:\/\/kimthuset.com.vn\/wp-content\/uploads\/2019\/03\/Kim-thu-se\u0301t-liva-lap-cx040-768x519.jpg 768w, https:\/\/kimthuset.com.vn\/wp-content\/uploads\/2019\/03\/Kim-thu-se\u0301t-liva-lap-cx040-800x540.jpg 800w\" alt=\"Kim thu s\u00e9t liva lap-cx040\" width=\"650\" height=\"439\" data-lazy-type=\"image\" data-src=\"https:\/\/kimthuset.com.vn\/wp-content\/uploads\/2019\/03\/Kim-thu-se%CC%81t-liva-lap-cx040.jpg\" data-srcset=\"\" data-was-processed=\"true\" \/>Kim thu s\u00e9t liva lap-cx040<\/li>\n<\/ul>\n<h3><strong><span id=\"Kim_thu_set_liva_lap-dx250\" class=\"ez-toc-section\">Kim thu s\u00e9t liva lap-dx250<\/span><\/strong><\/h3>\n<ul>\n<li>Th\u1eddi gian ph\u00e1t tia ti\u00ean \u0111\u1ea1o: 96\u00b5s<\/li>\n<li>Kh\u1ed1i l\u01b0\u1ee3ng: 5,0kg<\/li>\n<li>B\u00e1n k\u00ednh b\u1ea3o v\u1ec7 4 c\u1ea5p, ti\u00eau chu\u1ea9n \u0111\u1ed9 cao 5-6m: 115m- 124m- 135m- 146m<\/li>\n<li>Ph\u00f9 h\u1ee3p v\u1edbi qu\u1ea7n th\u1ec3 c\u00f4ng tr\u00ecnh quy m\u00f4 di\u1ec7n t\u00edch r\u1ed9ng<\/li>\n<\/ul>\n<p><img loading=\"lazy\" class=\"aligncenter wp-image-1312 lazy-load-active lazyloaded lazy-loaded\" title=\"Kim thu s\u00e9t liva lap-dx250\" src=\"https:\/\/kimthuset.com.vn\/wp-content\/uploads\/2019\/03\/Kim-thu-se%CC%81t-liva-lap-dx250.png\" sizes=\"(max-width: 980px) 100vw, 980px\" srcset=\"https:\/\/kimthuset.com.vn\/wp-content\/uploads\/2019\/03\/Kim-thu-se\u0301t-liva-lap-dx250.png 980w, https:\/\/kimthuset.com.vn\/wp-content\/uploads\/2019\/03\/Kim-thu-se\u0301t-liva-lap-dx250-592x400.png 592w, https:\/\/kimthuset.com.vn\/wp-content\/uploads\/2019\/03\/Kim-thu-se\u0301t-liva-lap-dx250-768x519.png 768w, https:\/\/kimthuset.com.vn\/wp-content\/uploads\/2019\/03\/Kim-thu-se\u0301t-liva-lap-dx250-800x540.png 800w\" alt=\"Kim thu s\u00e9t liva lap-dx250\" width=\"711\" height=\"480\" data-lazy-type=\"image\" data-src=\"https:\/\/kimthuset.com.vn\/wp-content\/uploads\/2019\/03\/Kim-thu-se%CC%81t-liva-lap-dx250.png\" data-srcset=\"\" data-was-processed=\"true\" \/><\/p>\n<h2><strong>\u01afu \u0111i\u1ec3m khi l\u1ef1a ch\u1ecdn kim thu s\u00e9t liva<\/strong><\/h2>\n<p>Kim thu s\u00e9t liva s\u1eed d\u1ee5ng c\u00f4ng ngh\u1ec7 hi\u1ec7n \u0111\u1ea1i. B\u1edfi v\u1eady s\u1ea3n ph\u1ea9m mang \u0111\u1ea7y \u0111\u1ee7 c\u00e1c \u01b0u \u0111i\u1ec3m c\u1ee7a c\u00f4ng ngh\u1ec7 ph\u00e1t tia ti\u00ean \u0111\u1ea1o s\u1edbm nh\u01b0:<\/p>\n<ul>\n<li>T\u1ea1o th\u1ebf ch\u1ee7 \u0111\u1ed9ng trong vi\u1ec7c ch\u1ed1ng s\u00e9t \u0111\u00e1nh tr\u1ef1c ti\u1ebfp, s\u00e9t \u0111\u00e1nh th\u1eb3ng<\/li>\n<li>Ch\u1ee7 \u0111\u1ed9ng v\u1ecb tr\u00ed s\u00e9t \u0111\u00e1nh v\u00e0 thu d\u1eabn n\u0103ng l\u01b0\u1ee3ng<\/li>\n<li>Thi c\u00f4ng \u0111\u01a1n gi\u1ea3n, ti\u1ebft ki\u1ec7m th\u1eddi gian<\/li>\n<li>T\u1ea1o nhi\u1ec1u c\u1ea5p \u0111\u1ed9 b\u1ea3o v\u1ec7 cho c\u00f4ng tr\u00ecnh<\/li>\n<li>\u0110\u1ea3m b\u1ea3o t\u00ednh th\u1ea9m m\u1ef9. M\u1ed7i c\u00f4ng tr\u00ecnh ch\u1ec9 c\u1ea7n s\u1eed d\u1ee5ng m\u1ed9t kim thu<\/li>\n<li>Kh\u1ea3 n\u0103ng ch\u1ed1ng g\u1ec9, tu\u1ed5i th\u1ecd cao<\/li>\n<\/ul>\n<p>Ngo\u00e0i nh\u1eefng \u01b0u \u0111i\u1ec3m k\u1ec3 tr\u00ean v\u1ec1 ch\u1ea5t l\u01b0\u1ee3ng, kim thu s\u00e9t liva c\u00f2n thuy\u1ebft ph\u1ee5c ng\u01b0\u1eddi ti\u00eau d\u00f9ng v\u1ec1 m\u1eb7t gi\u00e1 c\u1ea3. \u00c1p d\u1ee5ng \u0111\u1ea7y \u0111\u1ee7 ti\u00eau chu\u1ea9n gi\u1ed1ng c\u00e1c d\u00f2ng s\u1ea3n ph\u1ea9m cao c\u1ea5p kh\u00e1c nh\u01b0 Pulsar c\u1ee7a h\u00e3ng Helita Ph\u00e1p hay Ingesco. Nh\u01b0ng m\u1ee9c gi\u00e1 c\u1ee7a c\u00e1c s\u1ea3n ph\u1ea9m liva c\u1ee7a Th\u1ed5 Nh\u0129 K\u1ef3 th\u1ea5p h\u01a1n ch\u1ec9 b\u1eb1ng 60-70% so v\u1edbi s\u1ea3n ph\u1ea9m c\u00f9ng lo\u1ea1i (dao \u0111\u1ed9ng t\u1eeb 3.500.000-5.500.000). M\u1ee9c gi\u00e1 n\u00e0y ph\u00f9 h\u1ee3p v\u1edbi kh\u1ea3 n\u0103ng chi tr\u1ea3 c\u1ee7a nhi\u1ec1u h\u1ed9 gia \u0111\u00ecnh.m\u1ed9t s\u1ed1 h\u00ecnh \u1ea3nh thi c\u00f4ng kim thu s\u00e9t liva.<\/p>\n<p><a href=\"https:\/\/chongsettoanquoc.com\/wp-content\/uploads\/2017\/11\/76638493_2528838000677947_8187735536367042560_n.jpg\"><img loading=\"lazy\" class=\"aligncenter wp-image-1322 size-full lazy-loaded\" src=\"https:\/\/chongsettoanquoc.com\/wp-content\/uploads\/2017\/11\/76638493_2528838000677947_8187735536367042560_n.jpg\" alt=\"\" width=\"720\" height=\"960\" data-lazy-type=\"image\" data-src=\"https:\/\/chongsettoanquoc.com\/wp-content\/uploads\/2017\/11\/76638493_2528838000677947_8187735536367042560_n.jpg\" \/><\/a><\/p>\n<\/div>\n","protected":false},"excerpt":{"rendered":"<p><strong><span style=\"font-size: 110%;\">kim thu s\u00e9t liva nh\u1eadp kh\u1ea9u t\u1eeb Th\u1ed5 Nh\u0129 K\u1ef3<\/span><\/strong><\/p>\n<p><strong>1. kim thu s\u00e9t hi\u1ec7n \u0111\u1ea1i, ph\u00e1t x\u1ea1 s\u1edbm c\u1ee7a h\u00e3ng LIVA\u00a0 LAP-CX040, Th\u1ed5 Nh\u0129 K\u1ef3 (Turkiye) b\u00e1n k\u00ednh b\u1ea3o v\u1ec7 61m<\/strong><\/p>\n<p><strong>2.\u00a0<\/strong><strong>Kim thu s\u00e9t Liva, kim thu s\u00e9t hi\u1ec7n \u0111\u1ea1i, ph\u00e1t x\u1ea1 s\u1edbm c\u1ee7a h\u00e3ng\u00a0LIVA\u00a0LAP-CX070\u00a0c\u1ee7aTh\u1ed5 Nh\u0129 K\u1ef3\u00a0(Turkiye) b\u00e1n k\u00ednh b\u1ea3o v\u1ec7\u00a072m<\/strong><\/p>\n<p><strong>3.\u00a0<\/strong><strong>Kim thu s\u00e9t Liva, kim thu s\u00e9t hi\u1ec7n \u0111\u1ea1i, ph\u00e1t x\u1ea1 s\u1edbm c\u1ee7a h\u00e3ng\u00a0LIVA\u00a0LAP-BX125,\u00a0Th\u1ed5 Nh\u0129 K\u1ef3\u00a0(Turkiye),\u00a0b\u00e1n k\u00ednh b\u1ea3o v\u1ec7\u00a084m<\/strong><\/p>\n<p><strong>4.\u00a0<\/strong><strong>Kim thu s\u00e9t Liva, kim thu s\u00e9t hi\u1ec7n \u0111\u1ea1i, ph\u00e1t x\u1ea1 s\u1edbm c\u1ee7a h\u00e3ng\u00a0LIVA\u00a0LAP-BX175,\u00a0Th\u1ed5 Nh\u0129 K\u1ef3\u00a0(Turkiye)\u00a0b\u00e1n k\u00ednh b\u1ea3o v\u1ec7\u00a0110m<\/strong><\/p>\n<p><strong>5.\u00a0<\/strong><strong>Kim thu s\u00e9t Liva, l\u00e0 kim thu s\u00e9t hi\u1ec7n \u0111\u1ea1i, ph\u00e1t x\u1ea1 s\u1edbm c\u1ee7a h\u00e3ng\u00a0LIVA\u00a0LAP-AX210\u00a0c\u1ee7aTh\u1ed5 Nh\u0129 K\u1ef3\u00a0(Turkiye)\u00a0b\u00e1n k\u00ednh b\u1ea3o v\u1ec7\u00a0131m<\/strong><\/p>\n<p><strong>6.\u00a0<\/strong><strong>Kim thu s\u00e9t Liva, kim thu s\u00e9t hi\u1ec7n \u0111\u1ea1i, ph\u00e1t x\u1ea1 s\u1edbm c\u1ee7a h\u00e3ng\u00a0LIVA\u00a0LAP-DX250\u00a0c\u1ee7aTh\u1ed5 Nh\u0129 K\u1ef3\u00a0(Turkiye)\u00a0b\u00e1n k\u00ednh b\u1ea3o v\u1ec7\u00a0146m<\/strong><\/p>\n<p><strong>Hotline:\u00a0<\/strong>0353.577.766<br \/>\n<strong>Email:<\/strong>\u00a0vnmax2@gmail.com<br \/>\n<strong>Website:<\/strong>\u00a0thicongchongset.com.vn<\/p>\n","protected":false},"featured_media":1859,"comment_status":"open","ping_status":"closed","template":"","meta":{"om_disable_all_campaigns":false,"_mi_skip_tracking":false},"aioseo_notices":[],"_links":{"self":[{"href":"https:\/\/chongsetbacgiang.com\/index.php?rest_route=\/wp\/v2\/product\/1817"}],"collection":[{"href":"https:\/\/chongsetbacgiang.com\/index.php?rest_route=\/wp\/v2\/product"}],"about":[{"href":"https:\/\/chongsetbacgiang.com\/index.php?rest_route=\/wp\/v2\/types\/product"}],"replies":[{"embeddable":true,"href":"https:\/\/chongsetbacgiang.com\/index.php?rest_route=%2Fwp%2Fv2%2Fcomments&post=1817"}],"wp:featuredmedia":[{"embeddable":true,"href":"https:\/\/chongsetbacgiang.com\/index.php?rest_route=\/wp\/v2\/media\/1859"}],"wp:attachment":[{"href":"https:\/\/chongsetbacgiang.com\/index.php?rest_route=%2Fwp%2Fv2%2Fmedia&parent=1817"}],"curies":[{"name":"wp","href":"https:\/\/api.w.org\/{rel}","templated":true}]}}