{"id":1713,"date":"2020-10-04T12:28:45","date_gmt":"2020-10-04T12:28:45","guid":{"rendered":"http:\/\/thicongchongset.com.vn\/?post_type=product&#038;p=1713"},"modified":"2021-03-21T12:53:14","modified_gmt":"2021-03-21T12:53:14","slug":"dong-ho-do-dien-tro-cach-dien-kyoritsu-3005a","status":"publish","type":"product","link":"https:\/\/chongsetbacgiang.com\/?product=dong-ho-do-dien-tro-cach-dien-kyoritsu-3005a","title":{"rendered":"\u0110\u1ed3ng h\u1ed3 \u0111o \u0111i\u1ec7n tr\u1edf c\u00e1ch \u0111i\u1ec7n Kyoritsu 3005A"},"content":{"rendered":"<p>\u0110\u1ed3ng h\u1ed3 \u0111o \u0111i\u1ec7n tr\u1edf c\u00e1ch \u0111i\u1ec7n Kyoritsu 3005A\u00a0c\u00f3 kh\u1ea3 n\u0103ng \u0111o \u0111i\u1ec7n tr\u1edf 3 d\u1ea3i v\u1edbi d\u1ea3i \u0111o r\u1ed9ng l\u00ean \u0111\u1ebfn 1000V. B\u00ean c\u1ea1nh \u0111\u00f3, n\u00f3 c\u0169ng \u0111\u01b0\u1ee3c s\u1eed d\u1ee5ng \u0111\u1ec3 ki\u1ec3m tra \u0111\u01b0\u1ee3c \u0111\u1ed9 an to\u00e0n c\u1ee7a v\u1eadt li\u1ec7u hay thi\u1ebft b\u1ecb c\u00e1ch \u0111i\u1ec7n.<\/p>\n<h2>\u0110\u1eb6C \u0110I\u1ec2M N\u1ed4I B\u1eacT C\u1ee6A THI\u1ebeT B\u1eca \u0110O \u0110I\u1ec6N TR\u1ede C\u00c1CH \u0110I\u1ec6N KYORITSU 3005A<\/h2>\n<p><img class=\"lazyImageContent inited\" title=\"M\u00e1y \u0111o \u0111i\u1ec7n tr\u1edf c\u00e1ch \u0111i\u1ec7n Kyoritsu 3005A s\u1edf h\u1eefu m\u1ed9t m\u00e0n h\u00ecnh LCD hi\u1ec3n th\u1ecb s\u1ed1\" src=\"https:\/\/maydochuyendung.com\/img\/uploads\/dong-ho-do-3005A-1.jpg\" alt=\"M\u00e1y \u0111o \u0111i\u1ec7n tr\u1edf c\u00e1ch \u0111i\u1ec7n Kyoritsu 3005A s\u1edf h\u1eefu m\u1ed9t m\u00e0n h\u00ecnh LCD hi\u1ec3n th\u1ecb s\u1ed1\" longdesc=\"https:\/\/maydochuyendung.com\/thiet-bi-do-kiem-tra-dien\/chi-tiet\/M%C3%A1y%20%C4%91o%20%C4%91i%E1%BB%87n%20tr%E1%BB%9F%20c%C3%A1ch%20%C4%91i%E1%BB%87n%20Kyoritsu%203005A%20s%E1%BB%9F%20h%E1%BB%AFu%20m%E1%BB%99t%20m%C3%A0n%20h%C3%ACnh%20LCD%20hi%E1%BB%83n%20th%E1%BB%8B%20s%E1%BB%91\" data-src=\"\/img\/uploads\/dong-ho-do-3005A-1.jpg\" \/><\/p>\n<ul>\n<li><a href=\"https:\/\/maydochuyendung.com\/thiet-bi-do-kiem-tra-dien\/category\/dong-ho-do-megomet\">M\u00e1y \u0111o \u0111i\u1ec7n tr\u1edf c\u00e1ch \u0111i\u1ec7n<\/a>\u00a0gi\u00fap\u00a0\u0111o \u0111i\u1ec7n tr\u1edf c\u00e1ch \u0111i\u1ec7n l\u00ean t\u1edbi\u00a02000M\u03a9 v\u00e0 \u0111o li\u00ean t\u1ee5c l\u00ean t\u1edbi\u00a02000\u03a9.<\/li>\n<li>Ch\u1ee9c n\u0103ng t\u1ef1 \u0111\u1ed9ng nh\u1eadn thang \u0111o mang \u0111\u1ebfn \u0111\u1ed9 ch\u00ednh x\u00e1c v\u00e0 \u0111\u1ed9 an to\u00e0n c\u1ef1c cao.<\/li>\n<li>\u0110\u1ed3ng h\u1ed3 Megomet 3005A d\u00f9ng bi\u1ec3u \u0111\u1ed3 \u0111\u01b0\u1eddng \u0111\u1ec3 hi\u1ec3n th\u1ecb \u0111i\u1ec7n tr\u1edf c\u00e1ch \u0111i\u1ec7n<\/li>\n<li>Hi\u1ec3n th\u1ecb gi\u00e1 tr\u1ecb c\u1ee7a \u0111i\u1ec7n \u00e1p AC ngo\u00e0i v\u1edbi bi\u1ec3u t\u01b0\u1ee3ng nh\u1ea5p nh\u00e1y.<\/li>\n<li>Ch\u1ee9c n\u0103ng t\u1ef1 \u0111\u1ed9ng v\u1ec1 gi\u00e1 tr\u1ecb 0 (null) \u0111\u1ec3 t\u1ef1 \u0111\u1ed9ng lo\u1ea1i b\u1ecf \u0111i\u1ec7n tr\u1edf \u0111\u1ea7u d\u00f2 tr\u01b0\u1edbc khi hi\u1ec3n th\u1ecb gi\u00e1 tr\u1ecb \u0111i\u1ec7n tr\u1edf li\u00ean t\u1ee5c th\u1ef1c.<\/li>\n<li>Ti\u1ebfng b\u00edp c\u1ea3nh b\u00e1o m\u1ea1ch s\u1ed1ng (m\u1ea1ch c\u00f3 \u0111i\u1ec7n)<\/li>\n<li>Nh\u1ea3 n\u00fat ki\u1ec3m tra t\u1ef1 \u0111\u1ed9ng x\u1ea3 c\u00e1c \u0111i\u1ec7n t\u00edch \u0111\u01b0\u1ee3c l\u01b0u trong m\u1ea1ch \u0111ang th\u1eed.<\/li>\n<li>D\u00f2ng \u0111o li\u00ean t\u1ee5c 200mA theo ti\u00eau chu\u1ea9n IEC 61557.<\/li>\n<li>D\u00f2ng \u0111i\u1ec7n t\u1ed1i thi\u1ec3u 1mA trong c\u00e1c th\u1eed nghi\u1ec7m c\u00e1ch \u0111i\u1ec7n theo ti\u00eau chu\u1ea9n IEC 61557.<\/li>\n<\/ul>\n<h2>TH\u00d4NG S\u1ed0 K\u1ef8 THU\u1eacT C\u1ee6A THI\u1ebeT B\u1eca \u0110O \u0110I\u1ec6N TR\u1ede C\u00c1CH \u0110I\u1ec6N KYORITSU 3005A<\/h2>\n<h3><strong>\u0110O \u0110I\u1ec6N TR\u1ede C\u00c1CH \u0110I\u1ec6N<\/strong><\/h3>\n<ul>\n<li>\u0110i\u1ec7n \u00e1p th\u1eed: 250V\/500V\/1000V<\/li>\n<li>Ph\u1ea1m vi \u0111o (gi\u00e1 tr\u1ecb trung b\u00ecnh): 20M\u03a9\/200M\u03a9\/2000M\u03a9<\/li>\n<li>\u0110i\u1ec7n \u00e1p \u0111\u1ea7u ra tr\u00ean m\u1ea1ch h\u1edf: \u0111i\u1ec7n \u00e1p th\u1eed nghi\u1ec7m \u0111\u1ecbnh m\u1ee9c +20%, -0%<\/li>\n<li>D\u00f2ng \u0111i\u1ec7n danh \u0111\u1ecbnh: 1mA DC ph\u00fat.<\/li>\n<li>\u0110\u1ea7u ra ng\u1eafn m\u1ea1ch: x\u1ea5p x\u1ec9 1.5 mA DC.<\/li>\n<li>\u0110\u1ed9 ch\u00ednh x\u00e1c:\n<ul>\n<li>\u00b11.5%rdg\u00b15dgt (20M\u03a9\/200M\u03a9)<\/li>\n<li>\u00b110%rdg\u00b13dgt (2000M\u03a9)<\/li>\n<\/ul>\n<\/li>\n<\/ul>\n<h3><strong>\u0110O LI\u00caN T\u1ee4C<\/strong><\/h3>\n<ul>\n<li>Ph\u1ea1m vi \u0111o (gi\u00e1 tr\u1ecb trung b\u00ecnh): 20\u03a9\/200\u03a9\/2000\u03a9<\/li>\n<li>\u0110i\u1ec7n \u00e1p \u0111\u1ea7u ra tr\u00ean m\u1ea1ch h\u1edf: 7 &#8211; 12V DC<\/li>\n<li>D\u00f2ng \u0111o: 200mA DC ph\u00fat.<\/li>\n<li>\u0110\u1ed9 ch\u00ednh x\u00e1c:\n<ul>\n<li>\u00b11.5%rdg\u00b15dgt (20\u03a9)<\/li>\n<li>\u00b11.5%rdg\u00b13dgt (200\u03a9\/2000\u03a9)<\/li>\n<\/ul>\n<\/li>\n<\/ul>\n<h3><strong>\u0110I\u1ec6N \u00c1P AC<\/strong><\/h3>\n<ul>\n<li>D\u1ea3i \u0111i\u1ec7n \u00e1p AC: 0 &#8211; 600V AC<\/li>\n<li>\u0110\u1ed9 ch\u00ednh x\u00e1c: \u00b15%rdg\u00b13dgt<\/li>\n<\/ul>\n<h3><strong>TH\u00d4NG S\u1ed0 CHUNG<\/strong><\/h3>\n<ul>\n<li>Ti\u00eau chu\u1ea9n an to\u00e0n:\n<ul>\n<li>IEC 61010-1 CAT III 300V \u00f4 nhi\u1ec5m c\u1ea5p \u0111\u1ed9 2<\/li>\n<li>IEC 61010-2-031 IEC 61557-1\/2\/4<\/li>\n<li>Ph\u00e2n lo\u1ea1i IP: IEC 60529-IP54<\/li>\n<\/ul>\n<\/li>\n<li>Ti\u00eau chu\u1ea9n EMC: IEC 61326-1<\/li>\n<li>Ngu\u1ed3n \u0111i\u1ec7n: pin R6 (AA) (1.5V) \u00d7 8<\/li>\n<li>K\u00edch th\u01b0\u1edbc: 167(L) \u00d7 185(W) \u00d7 89(D)mm<\/li>\n<li>Kh\u1ed1i l\u01b0\u1ee3ng: x\u1ea5p x\u1ec9 970g<\/li>\n<li>Ph\u1ee5 ki\u1ec7n \u0111i k\u00e8m:\n<ul>\n<li>7122B (\u0111\u1ea7u d\u00f2) + t\u00fai \u0111\u1ef1ng<\/li>\n<li>8923 (c\u1ea7u ch\u00ec F500mA\/600V) \u00d7 2<\/li>\n<li>R6 (AA) \u00d7 8, d\u00e2y \u0111eo vai<\/li>\n<li>H\u01b0\u1edbng d\u1eabn s\u1eed d\u1ee5ng<\/li>\n<\/ul>\n<\/li>\n<\/ul>\n<p><img class=\"lazyImageContent inited\" title=\"\u0110\u1ed3ng h\u1ed3 \u0111o \u0111i\u1ec7n tr\u1edf c\u00e1ch \u0111i\u1ec7n Kyoritsu 3005A thi\u1ebft k\u1ebf ch\u1eafc ch\u1eafn, b\u1ec1n b\u1ec9\" src=\"https:\/\/maydochuyendung.com\/img\/uploads\/dong-ho-do-3005A-2.jpg\" alt=\"\u0110\u1ed3ng h\u1ed3 \u0111o \u0111i\u1ec7n tr\u1edf c\u00e1ch \u0111i\u1ec7n Kyoritsu 3005A thi\u1ebft k\u1ebf ch\u1eafc ch\u1eafn, b\u1ec1n b\u1ec9\" longdesc=\"https:\/\/maydochuyendung.com\/thiet-bi-do-kiem-tra-dien\/chi-tiet\/%C4%90%E1%BB%93ng%20h%E1%BB%93%20%C4%91o%20%C4%91i%E1%BB%87n%20tr%E1%BB%9F%20c%C3%A1ch%20%C4%91i%E1%BB%87n%20Kyoritsu%203005A%20thi%E1%BA%BFt%20k%E1%BA%BF%20ch%E1%BA%AFc%20ch%E1%BA%AFn,%20b%E1%BB%81n%20b%E1%BB%89\" data-src=\"\/img\/uploads\/dong-ho-do-3005A-2.jpg\" \/><\/p>\n","protected":false},"excerpt":{"rendered":"<div class=\"mt-5\">\n<p>\u0110\u1ed3ng h\u1ed3 \u0111o \u0111i\u1ec7n tr\u1edf c\u00e1ch \u0111i\u1ec7n Kyoritsu 3005A<\/p>\n<p>H\u00e3ng:\u00a0Kyoritsu<\/p>\n<\/div>\n<div class=\"mt-5\">\n<p>M\u00e3 s\u1ea3n ph\u1ea9m: 01A<\/p>\n<\/div>\n<div class=\"mt-5\">\n<p>B\u1ea3o h\u00e0nh: 12 th\u00e1ng<\/p>\n<\/div>\n<div class=\"mt-5\">\n<p>T\u00ecnh tr\u1ea1ng: C\u00f2n h\u00e0ng<\/p>\n<p><strong>Hotline:\u00a0<\/strong>0353.577.766<br \/>\n<strong>Email:<\/strong>\u00a0vnmax2@gmail.com<br \/>\n<strong>Website:<\/strong>\u00a0thicongchongset.com.vn<\/p>\n<\/div>\n","protected":false},"featured_media":1716,"comment_status":"open","ping_status":"closed","template":"","meta":{"om_disable_all_campaigns":false,"_mi_skip_tracking":false},"aioseo_notices":[],"_links":{"self":[{"href":"https:\/\/chongsetbacgiang.com\/index.php?rest_route=\/wp\/v2\/product\/1713"}],"collection":[{"href":"https:\/\/chongsetbacgiang.com\/index.php?rest_route=\/wp\/v2\/product"}],"about":[{"href":"https:\/\/chongsetbacgiang.com\/index.php?rest_route=\/wp\/v2\/types\/product"}],"replies":[{"embeddable":true,"href":"https:\/\/chongsetbacgiang.com\/index.php?rest_route=%2Fwp%2Fv2%2Fcomments&post=1713"}],"wp:featuredmedia":[{"embeddable":true,"href":"https:\/\/chongsetbacgiang.com\/index.php?rest_route=\/wp\/v2\/media\/1716"}],"wp:attachment":[{"href":"https:\/\/chongsetbacgiang.com\/index.php?rest_route=%2Fwp%2Fv2%2Fmedia&parent=1713"}],"curies":[{"name":"wp","href":"https:\/\/api.w.org\/{rel}","templated":true}]}}