{"id":1685,"date":"2020-10-04T08:57:31","date_gmt":"2020-10-04T08:57:31","guid":{"rendered":"http:\/\/thicongchongset.com.vn\/?post_type=product&#038;p=1685"},"modified":"2023-12-06T13:11:08","modified_gmt":"2023-12-06T13:11:08","slug":"coc-tiep-dia-dong","status":"publish","type":"product","link":"https:\/\/chongsetbacgiang.com\/?product=coc-tiep-dia-dong","title":{"rendered":"C\u1ecdc Ti\u1ebfp \u0110\u1ecba \u0110\u1ed3ng"},"content":{"rendered":"<h2><strong>\u0110\u1eb7c \u0110i\u1ec3m C\u1ecdc \u0110\u1ed3ng Ti\u1ebfp \u0110\u1ecba<\/strong><\/h2>\n<p>C\u00f3 hai lo\u1ea1i c\u1ecdc ti\u1ebfp \u0111\u1ecba b\u1eb1ng \u0111\u1ed3ng \u0111ang \u0111\u01b0\u1ee3c ti\u00eau th\u1ee5 tr\u00ean th\u1ecb tr\u01b0\u1eddng Vi\u1ec7t Nam l\u00e0 \u0111\u1ed3ng \u0111\u1ecf v\u00e0 \u0111\u1ed3ng v\u00e0ng (\u0111\u1ed3ng thau). Trong \u0111\u00f3,\u00a0<strong>c\u1ecdc ti\u1ebfp \u0111\u1ecba \u0111\u1ed3ng nguy\u00ean ch\u1ea5t<\/strong>\u00a0(th\u01b0\u1eddng \u0111\u01b0\u1ee3c g\u1ecdi t\u1eaft l\u00e0 c\u1ecdc \u0111\u1ed3ng) c\u00f3 h\u00e0m l\u01b0\u1ee3ng Cu r\u1ea5t cao, l\u00ean t\u1edbi 99.9%. C\u00f2n\u00a0c\u1ecdc ti\u1ebfp \u0111\u1ecba \u0111\u1ed3ng v\u00e0ng ch\u1ec9 c\u00f3 kho\u1ea3ng tr\u00ean 50% Cu.<\/p>\n<p>\u0110\u1ed3ng l\u00e0 m\u1ed9t ch\u1ea5t li\u1ec7u c\u00f3 \u0111i\u1ec7n tr\u1edf su\u1ea5t cao, l\u1ea1i b\u1ec1n v\u1edbi nhi\u1ec7t n\u00ean \u0111\u01b0\u1ee3c s\u1eed d\u1ee5ng r\u1ea5t nhi\u1ec1u trong thi c\u00f4ng ch\u1ed1ng s\u00e9t. V\u1eadt t\u01b0 c\u00f3 h\u00e0m l\u01b0\u1ee3ng \u0111\u1ed3ng c\u00e0ng l\u1edbn th\u00ec c\u00f3 hi\u1ec7u qu\u1ea3 truy\u1ec1n s\u00e9t c\u00e0ng cao. \u0110\u01b0\u01a1ng nhi\u00ean, m\u1ee9c gi\u00e1 c\u1ee7a s\u1ea3n ph\u1ea9m c\u0169ng t\u1ec9 l\u1ec7 thu\u1eadn v\u1edbi kh\u1ea3 n\u0103ng c\u1ee7a n\u00f3.\u00a0Gi\u00e1 c\u1ecdc \u0111\u1ed3ng ti\u1ebfp \u0111\u1ecba nguy\u00ean ch\u1ea5t th\u01b0\u1eddng cao g\u1ea5p 1.5 l\u1ea7n\u00a0so v\u1edbi c\u1ecdc \u0111\u1ed3ng b\u00ecnh th\u01b0\u1eddng.<\/p>\n<p>C\u1ecdc ti\u1ebfp \u0111\u1ecba \u0111\u1ed3ng th\u01b0\u1eddng \u0111\u01b0\u1ee3c trang b\u1ecb cho hai ki\u1ec3u c\u00f4ng tr\u00ecnh sau:<\/p>\n<p>C\u00f4ng tr\u00ecnh \u0111\u1eb7c th\u00f9: th\u01b0\u1eddng l\u00e0 c\u00f4ng tr\u00ecnh l\u1edbn ho\u1eb7c tr\u1ecdng \u0111i\u1ec3m, c\u1ea7n m\u1ee9c \u0111i\u1ec7n tr\u1edf su\u1ea5t \u0111\u1ea5t r\u1ea5t r\u1ea5t th\u1ea5p, v\u00e0 ch\u1ec9 c\u00f3 c\u1ecdc ti\u1ebfp \u0111\u1ecba b\u1eb1ng \u0111\u1ed3ng nguy\u00ean ch\u1ea5t m\u1edbi \u0111\u00e1p \u1ee9ng \u0111\u01b0\u1ee3c \u0111i\u1ec1u n\u00e0y.<\/p>\n<p>C\u00f4ng tr\u00ecnh nh\u1ecf: c\u00e1c c\u00f4ng tr\u00ecnh c\u00f3 b\u00e3i ti\u1ebfp \u0111\u1ecba r\u1ea5t b\u00e9, ch\u1ec9 \u0111\u00f3ng \u0111\u01b0\u1ee3c 1 c\u1ecdc ti\u1ebfp \u0111\u1ecba duy nh\u1ea5t.<\/p>\n<p><img loading=\"lazy\" class=\"alignnone size-full wp-image-1686\" src=\"https:\/\/thicongchongset.com.vn\/wp-content\/uploads\/2020\/10\/unnamed.png\" alt=\"\" width=\"512\" height=\"288\" \/><\/p>\n<h3><em><strong>Quy C\u00e1ch C\u1ecdc \u0110\u1ed3ng Ti\u1ebfp \u0110\u1ecba<\/strong><\/em><\/h3>\n<p>Qu\u00fd kh\u00e1ch ch\u00fa \u00fd: d\u01b0\u1edbi \u0111\u00e2y ch\u1ec9 l\u00e0 nh\u1eefng quy c\u00e1ch th\u00f4ng d\u1ee5ng nh\u1ea5t.<\/p>\n<table border=\"0\">\n<tbody>\n<tr>\n<td>M\u00e3 S\u1ea3n Ph\u1ea9m<\/td>\n<td>T\u00ean S\u1ea3n Ph\u1ea9m<\/td>\n<td>Ch\u1ea5t Li\u1ec7u<\/td>\n<td>\u0110\u01b0\u1eddng K\u00ednh<\/td>\n<td>Chi\u1ec1u D\u00e0i<\/td>\n<\/tr>\n<tr>\n<td>QH-CDD 1424<\/td>\n<td>C\u1ecdc \u0111\u1ed3ng ti\u1ebfp \u0111\u1ecba D14<\/td>\n<td>\u0110\u1ed3ng \u0111\u1ecf<\/td>\n<td>14mm<\/td>\n<td>2.4m<\/td>\n<\/tr>\n<tr>\n<td>QH-CDD 1624<\/td>\n<td>C\u1ecdc \u0111\u1ed3ng ti\u1ebfp \u0111\u1ecba D16<\/td>\n<td>\u0110\u1ed3ng \u0111\u1ecf<\/td>\n<td>16mm<\/td>\n<td>2.4m<\/td>\n<\/tr>\n<tr>\n<td>QH-CDD 1824<\/td>\n<td>C\u1ecdc \u0111\u1ed3ng ti\u1ebfp \u0111\u1ecba D18<\/td>\n<td>\u0110\u1ed3ng \u0111\u1ecf<\/td>\n<td>18mm<\/td>\n<td>2.4m<\/td>\n<\/tr>\n<tr>\n<td>QH-CDD 2024<\/td>\n<td>C\u1ecdc \u0111\u1ed3ng ti\u1ebfp \u0111\u1ecba D20<\/td>\n<td>\u0110\u1ed3ng \u0111\u1ecf<\/td>\n<td>20mm<\/td>\n<td>2.4m<\/td>\n<\/tr>\n<tr>\n<td>QH-CDD 2224<\/td>\n<td>C\u1ecdc \u0111\u1ed3ng ti\u1ebfp \u0111\u1ecba D22<\/td>\n<td>\u0110\u1ed3ng \u0111\u1ecf<\/td>\n<td>22mm<\/td>\n<td>2.4m<\/td>\n<\/tr>\n<tr>\n<td>QH-CDD 2524<\/td>\n<td>C\u1ecdc \u0111\u1ed3ng ti\u1ebfp \u0111\u1ecba D25<\/td>\n<td>\u0110\u1ed3ng \u0111\u1ecf<\/td>\n<td>25mm<\/td>\n<td>2.4m<\/td>\n<\/tr>\n<tr>\n<td>QH-CDV 1424<\/td>\n<td>C\u1ecdc ti\u1ebfp \u0111\u1ecba \u0111\u1ed3ng v\u00e0ng D14<\/td>\n<td>\u0110\u1ed3ng v\u00e0ng<\/td>\n<td>14mm<\/td>\n<td>2.4m<\/td>\n<\/tr>\n<tr>\n<td>QH-CDV 1624<\/td>\n<td>C\u1ecdc ti\u1ebfp \u0111\u1ecba \u0111\u1ed3ng v\u00e0ng D16<\/td>\n<td>\u0110\u1ed3ng v\u00e0ng<\/td>\n<td>16mm<\/td>\n<td>2.4m<\/td>\n<\/tr>\n<tr>\n<td>QH-CDV 1824<\/td>\n<td>C\u1ecdc ti\u1ebfp \u0111\u1ecba \u0111\u1ed3ng v\u00e0ng D18<\/td>\n<td>\u0110\u1ed3ng v\u00e0ng<\/td>\n<td>18mm<\/td>\n<td>2.4m<\/td>\n<\/tr>\n<tr>\n<td>QH-CDV 2024<\/td>\n<td>C\u1ecdc ti\u1ebfp \u0111\u1ecba \u0111\u1ed3ng v\u00e0ng D20<\/td>\n<td>\u0110\u1ed3ng v\u00e0ng<\/td>\n<td>20mm<\/td>\n<td>2.4m<\/td>\n<\/tr>\n<tr>\n<td>QH-CDV 2224<\/td>\n<td>C\u1ecdc ti\u1ebfp \u0111\u1ecba \u0111\u1ed3ng v\u00e0ng D22<\/td>\n<td>\u0110\u1ed3ng v\u00e0ng<\/td>\n<td>22mm<\/td>\n<td>2.4m<\/td>\n<\/tr>\n<tr>\n<td>QH-CDV 2524<\/td>\n<td>C\u1ecdc ti\u1ebfp \u0111\u1ecba \u0111\u1ed3ng v\u00e0ng D25<\/td>\n<td>\u0110\u1ed3ng v\u00e0ng<\/td>\n<td>25mm<\/td>\n<td>2.4m<\/td>\n<\/tr>\n<\/tbody>\n<\/table>\n<p>Chi\u1ec1u d\u00e0i c\u1ee7a c\u1ecdc dao \u0111\u1ed9ng trong kho\u1ea3ng 1.0 \u0111\u1ebfn 6.0m.<\/p>\n<p>&nbsp;<\/p>\n<h3><strong><em>C\u1ecdc \u0110\u1ed3ng Ti\u1ebfp \u0110\u1ecba\u00a0<\/em><\/strong><\/h3>\n<p>Ch\u00fang t\u00f4i lu\u00f4n c\u00f3 ngu\u1ed3n h\u00e0ng \u1ed5n \u0111\u1ecbnh, \u0111\u1ec1u \u0111\u1eb7n v\u00e0 lu\u00f4n cung c\u1ea5p m\u1ed9t m\u1ee9c gi\u00e1 t\u1ed1t nh\u1ea5t t\u1edbi kh\u00e1ch h\u00e0ng. Ngay khi qu\u00fd kh\u00e1ch mua h\u00e0ng, s\u1ebd nh\u1eadn ngay phi\u1ebfu \u0111o l\u01b0\u1eddng v\u00e0 ph\u00e2n t\u00edch th\u00e0nh ph\u1ea7n c\u1ecdc t\u1eeb Quatest &#8211; Trung t\u00e2m K\u1ef9 thu\u1eadt Ti\u00eau chu\u1ea9n \u0110o l\u01b0\u1eddng Ch\u1ea5t l\u01b0\u1ee3ng. Theo \u0111\u00f3, h\u00e0m l\u01b0\u1ee3ng Cu lu\u00f4n \u0111\u01b0\u1ee3c \u0111\u1ea3m b\u1ea3o tr\u00ean 99%. Qu\u00e1 tr\u00ecnh ki\u1ec3m tra ch\u1ea5t l\u01b0\u1ee3ng n\u00e0y c\u0169ng \u0111\u01b0\u1ee3c ch\u00fang t\u00f4i ti\u1ebfn h\u00e0nh \u0111\u1ecbnh k\u1ef3.<\/p>\n<p>Qu\u00fd kh\u00e1c h\u00e0ng ch\u00fa \u00fd: h\u00e0m l\u01b0\u1ee3ng \u0111\u1ed3ng cao n\u00ean c\u1ecdc r\u1ea5t m\u1ec1m v\u00e0 d\u1ebbo. \u0110\u1ed1i v\u1edbi c\u00e1c khu v\u1ef1c \u0111\u1ea5t c\u1ee9ng ho\u1eb7c nhi\u1ec1u s\u1ecfi \u0111\u00e1, r\u1ea5t kh\u00f3 \u0111\u00f3ng\u00a0<strong>c\u00e2y \u0111\u1ed3ng ti\u1ebfp \u0111\u1ecba<\/strong>\u00a0b\u1eb1ng tay. Ph\u01b0\u01a1ng ph\u00e1p ph\u1ed5 bi\u1ebfn khi thi c\u00f4ng lo\u1ea1i c\u1ecdc \u0111\u1ed3ng n\u00e0y l\u00e0 khoan gi\u1ebfng ti\u1ebfp \u0111\u1ecba v\u00e0 th\u1ea3 c\u1ecdc. \u0110\u1ec3 bi\u1ebft th\u00eam chi ti\u1ebft, vui l\u00f2ng trao \u0111\u1ed5i v\u1edbi nh\u00e2n vi\u00ean kinh doanh c\u1ee7a ch\u00fang t\u00f4i.<\/p>\n","protected":false},"excerpt":{"rendered":"<p>C\u1ecdc ti\u1ebfp \u0111\u1ecba \u0111\u1ed3ng v\u00e0ng D14,D16,D18,D20,D22,D25<\/p>\n<p>Su\u1ea5t s\u1ee9: Vi\u1ec7t Nam<\/p>\n<p>C\u1ecdc ti\u1ebfp \u0111\u1ecba \u0111\u1ed3ng l\u00e0 lo\u1ea1i c\u1ecdc n\u1ed1i \u0111\u1ea5t ch\u1ed1ng s\u00e9t t\u1ed1t nh\u1ea5t hi\u1ec7n nay. V\u1edbi h\u00e0m l\u01b0\u1ee3ng Cu cao, c\u00e1c c\u1ecdc n\u00e0y c\u00f3 kh\u1ea3 n\u0103ng truy\u1ec1n s\u00e9t c\u1ef1c k\u1ef3 nhanh ch\u00f3ng.<\/p>\n<p><strong>Hotline:\u00a0<\/strong>0353.577.766<br \/>\n<strong>Email:<\/strong>\u00a0vnmax2@gmail.com<br \/>\n<strong>Website:<\/strong>\u00a0thicongchongset.com.vn<\/p>\n","protected":false},"featured_media":1687,"comment_status":"open","ping_status":"closed","template":"","meta":{"om_disable_all_campaigns":false,"_mi_skip_tracking":false},"aioseo_notices":[],"_links":{"self":[{"href":"https:\/\/chongsetbacgiang.com\/index.php?rest_route=\/wp\/v2\/product\/1685"}],"collection":[{"href":"https:\/\/chongsetbacgiang.com\/index.php?rest_route=\/wp\/v2\/product"}],"about":[{"href":"https:\/\/chongsetbacgiang.com\/index.php?rest_route=\/wp\/v2\/types\/product"}],"replies":[{"embeddable":true,"href":"https:\/\/chongsetbacgiang.com\/index.php?rest_route=%2Fwp%2Fv2%2Fcomments&post=1685"}],"wp:featuredmedia":[{"embeddable":true,"href":"https:\/\/chongsetbacgiang.com\/index.php?rest_route=\/wp\/v2\/media\/1687"}],"wp:attachment":[{"href":"https:\/\/chongsetbacgiang.com\/index.php?rest_route=%2Fwp%2Fv2%2Fmedia&parent=1685"}],"curies":[{"name":"wp","href":"https:\/\/api.w.org\/{rel}","templated":true}]}}