{"id":1681,"date":"2020-10-04T08:42:33","date_gmt":"2020-10-04T08:42:33","guid":{"rendered":"http:\/\/thicongchongset.com.vn\/?post_type=product&#038;p=1681"},"modified":"2021-09-08T11:32:31","modified_gmt":"2021-09-08T11:32:31","slug":"bang-dong-tiep-dia-25x3","status":"publish","type":"product","link":"https:\/\/chongsetbacgiang.com\/?product=bang-dong-tiep-dia-25x3","title":{"rendered":"B\u0103ng \u0111\u1ed3ng ti\u1ebfp \u0111\u1ecba 25&#215;3"},"content":{"rendered":"<p><span style=\"box-sizing: border-box; font-family: Roboto, sans-serif; margin: 0px; padding: 0px; max-width: 100%; color: #555555; font-size: 14px; line-height: 21px; -webkit-text-size-adjust: none;\"><span style=\"box-sizing: border-box; margin: 0px; padding: 0px; max-width: 100%;\"><b>B\u0103ng \u0111\u1ed3ng ti\u1ebfp \u0111\u1ecba 25x3mm<\/b><br style=\"box-sizing: border-box; margin: 0px; padding: 0px; max-width: 100%;\" \/>Xu\u1ea5t x\u1ee9: Malaysia<\/span><\/span><\/p>\n<p><span style=\"box-sizing: border-box; font-family: Roboto, sans-serif; margin: 0px; padding: 0px; max-width: 100%; color: #555555; font-size: 14px; line-height: 21px; -webkit-text-size-adjust: none;\"><span style=\"box-sizing: border-box; margin: 0px; padding: 0px; max-width: 100%;\">D\u00f9ng l\u00e0m h\u1ec7 th\u1ed1ng ti\u1ebfp \u0111\u1ecba cho c\u00e1c c\u00f4ng tr\u00ecnh.<br style=\"box-sizing: border-box; margin: 0px; padding: 0px; max-width: 100%;\" \/><\/span><\/span><span style=\"box-sizing: border-box; font-family: Roboto, sans-serif; margin: 0px; padding: 0px; max-width: 100%; color: #555555; font-size: 14px; line-height: 21px; -webkit-text-size-adjust: none;\">T\u01b0 v\u1ea5n l\u1eafp \u0111\u1eb7t mi\u1ec5n ph\u00ed.<br style=\"box-sizing: border-box; margin: 0px; padding: 0px; max-width: 100%;\" \/>C\u00f3 d\u1ecbch v\u1ee5 thi c\u00f4ng l\u1eafp \u0111\u1eb7t v\u00e0 ti\u1ebfp \u0111\u1ecba.<\/span><\/p>\n<p>B\u0103ng \u0111\u1ed3ng ti\u1ebfp \u0111\u1ecba 25x3mm l\u00e0 m\u1ed9t trong ba quy c\u00e1ch \u0111\u01b0\u1ee3c s\u1eed d\u1ee5ng nhi\u1ec1u nh\u1ea5t t\u1ea1i Vi\u1ec7t Nam.<\/p>\n<h2><strong>Vai Tr\u00f2 B\u0103ng \u0110\u1ed3ng Ti\u1ebfp \u0110\u1ecba 25x3mm<\/strong><\/h2>\n<p>B\u0103ng \u0111\u1ed3ng\u00a0l\u00e0 v\u1eadt t\u01b0 chuy\u00ean d\u1ee5ng \u0111\u1ec3 li\u00ean k\u1ebft c\u00e1c c\u1ecdc n\u1ed1i \u0111\u1ea5t trong thi c\u00f4ng ti\u1ebfp \u0111\u1ecba ch\u1ed1ng s\u00e9t. So v\u1edbi c\u00e1c thi\u1ebft b\u1ecb c\u00f3 c\u00f9ng c\u00f4ng d\u1ee5ng kh\u00e1c, \u01b0u th\u1ebf c\u1ee7a s\u1ea3n ph\u1ea9m n\u00e0y l\u00e0 k\u00edch th\u01b0\u1edbc to, b\u1ea3n r\u1ed9ng, d\u00e0y, d\u1eb9t; do \u0111\u00f3 m\u00e0 qu\u00e1 tr\u00ecnh truy\u1ec1n d\u1eabn s\u00e9t v\u00e0 t\u1ea3n s\u00e9t di\u1ec5n ra nhanh h\u01a1n t\u01b0\u01a1ng \u0111\u01b0\u01a1ng v\u1edbi vi\u1ec7c hi\u1ec7u qu\u1ea3 h\u01a1n.<\/p>\n<div data-oembed-url=\"https:\/\/youtu.be\/8ofIjzCBB9I\">\n<div>\n<div><img loading=\"lazy\" class=\"alignnone size-full wp-image-1682\" src=\"https:\/\/thicongchongset.com.vn\/wp-content\/uploads\/2020\/10\/bang-dong-tiep-dia-300x300-1.jpg\" alt=\"\" width=\"300\" height=\"300\" srcset=\"https:\/\/chongsetbacgiang.com\/wp-content\/uploads\/2020\/10\/bang-dong-tiep-dia-300x300-1.jpg 300w, https:\/\/chongsetbacgiang.com\/wp-content\/uploads\/2020\/10\/bang-dong-tiep-dia-300x300-1-100x100.jpg 100w, https:\/\/chongsetbacgiang.com\/wp-content\/uploads\/2020\/10\/bang-dong-tiep-dia-300x300-1-280x280.jpg 280w\" sizes=\"(max-width: 300px) 100vw, 300px\" \/><\/div>\n<\/div>\n<\/div>\n<p>B\u0103ng \u0111\u1ed3ng ti\u1ebfp \u0111\u1ecba 25x3mm\u00a0l\u00e0 m\u1ed9t trong ba quy c\u00e1ch \u0111\u01b0\u1ee3c s\u1eed d\u1ee5ng nhi\u1ec1u nh\u1ea5t t\u1ea1i Vi\u1ec7t Nam. So v\u1edbi hai quy c\u00e1ch c\u00f2n l\u1ea1i (30&#215;3 v\u00e0 40&#215;4) d\u0129 nhi\u00ean l\u00e0 ch\u1ea5t l\u01b0\u1ee3ng c\u1ee7a s\u1ea3n ph\u1ea7m n\u00e0y l\u00e0 th\u1ea5p h\u01a1n. Do v\u1eady, trong c\u00e1c c\u00f4ng tr\u00ecnh l\u1edbn, tr\u1ecdng \u0111i\u1ec3m qu\u1ed1c gia, n\u01a1i m\u00e0 ch\u1ea5t l\u01b0\u1ee3ng s\u1ea3n ph\u1ea9m l\u00e0 s\u1ed1 1 th\u00ec \u0111\u1ed9 c\u1ea1nh tranh c\u1ee7a n\u00f3 l\u00e0 k\u00e9m h\u01a1n. \u01afu th\u1ebf c\u1ea1nh tranh c\u1ee7a n\u00f3 n\u1eb1m \u1edf gi\u00e1 c\u1ea3 th\u1ea5p, v\u1eeba ph\u1ea3i \u0111\u1ed1i v\u1edbi nh\u1eefng c\u00f4ng tr\u00ecnh v\u1eeba v\u00e0 trung b\u00ecnh. Ngo\u00e0i ra, do 25&#215;3 r\u1ea5t m\u1ecfng (d\u1ea7y 3mm) n\u00ean d\u1ec5 u\u1ed1n h\u01a1n, d\u1ec5 thi c\u00f4ng v\u00e0 l\u1eafp \u0111\u1eb7t h\u01a1n c\u00e1c lo\u1ea1i b\u0103ng \u0111\u1ed3ng c\u1ee1 l\u1edbn<\/p>\n<h2><strong>C\u00e1ch S\u1eed D\u1ee5ng B\u0103ng \u0110\u1ed3ng Ti\u1ebfp \u0110\u1ecba 25x3mm<\/strong><\/h2>\n<p>C\u00f4ng ty Quang H\u01b0ng cung c\u1ea5p ch\u1ee7 y\u1ebfu hai ph\u01b0\u01a1ng ph\u00e1p sau \u0111\u1ec3 li\u00ean k\u1ebft b\u0103ng \u0111\u1ed3ng v\u1edbi c\u00e1c v\u1eadt t\u01b0 ti\u1ebfp \u0111\u1ecba:<\/p>\n<p>1.\u00a0\u00a0\u00a0\u00a0\u00a0 K\u1eb9p ti\u1ebfp \u0111\u1ecba: \u0111\u00e2y l\u00e0 ph\u01b0\u01a1ng ph\u00e1p \u0111\u01a1n gi\u1ea3n, chi ph\u00ed th\u1ea5p m\u00e0 hi\u1ec7u qu\u1ea3<\/p>\n<p>\u0110\u00e2y l\u00e0 hai lo\u1ea1i k\u1eb9p \u0111i k\u00e8m c\u1ecdc ti\u1ebfp \u0111\u1ecba, c\u00f3 th\u1ec3 n\u1ed1i c\u1ecdc ti\u1ebfp \u0111\u1ecba v\u1edbi c\u1ea3 b\u0103ng \u0111\u1ed3ng l\u1eabn d\u00e2y ti\u1ebfp \u0111\u1ecba, c\u1ee5 th\u1ec3 l\u00e0:<\/p>\n<p>&#8211; K\u1eb9p qu\u1ea3 tr\u00e1m: kh\u1ed5 nh\u1ecf, d\u00f9ng v\u1edbi c\u1ecdc ti\u1ebfp \u0111\u1ecba lo\u1ea1i nh\u1ecf nh\u01b0 D14<\/p>\n<p>&#8211; K\u1eb9p ch\u1eef U:\u00a0kh\u1ed5 l\u1edbn, d\u00f9ng v\u1edbi c\u1ecdc ti\u1ebfp \u0111\u1ecba lo\u1ea1i trung b\u00ecnh nh\u01b0 D16, D18<\/p>\n<p>2.\u00a0\u00a0\u00a0\u00a0\u00a0 H\u00e0n: \u0111\u00e2y l\u00e0 ph\u01b0\u01a1ng ph\u00e1p t\u1ed1n chi ph\u00ed h\u01a1n nh\u01b0ng l\u1ea1i t\u1ea1o ra m\u1ed1i li\u00ean k\u1ebft b\u1ec1n ch\u1eb7t h\u01a1n, b\u1ec1n h\u01a1n<\/p>\n<p>Linh ho\u1ea1t h\u01a1n so v\u1edbi k\u1eb9p, ng\u01b0\u1eddi ta c\u00f3 th\u1ec3 h\u00e0n\u00a0b\u0103ng \u0111\u1ed3ng\u00a0v\u1edbi b\u1ea5t c\u1ee9 v\u1eadt t\u01b0 n\u00e0o kh\u00e1c nh\u01b0: d\u00e2y d\u1eabn, c\u00e1c b\u0103ng \u0111\u1ed3ng kh\u00e1c, c\u1ecdc ch\u1eef V \u2026<\/p>\n","protected":false},"excerpt":{"rendered":"<p><strong>Hotline:\u00a0<\/strong>0353.577.766<br \/>\n<strong>Email:<\/strong>\u00a0vnmax2@gmail.com<br \/>\n<strong>Website:<\/strong>\u00a0thicongchongset.com.vn<\/p>\n<p>&nbsp;<\/p>\n","protected":false},"featured_media":1683,"comment_status":"open","ping_status":"closed","template":"","meta":{"om_disable_all_campaigns":false,"_mi_skip_tracking":false},"aioseo_notices":[],"_links":{"self":[{"href":"https:\/\/chongsetbacgiang.com\/index.php?rest_route=\/wp\/v2\/product\/1681"}],"collection":[{"href":"https:\/\/chongsetbacgiang.com\/index.php?rest_route=\/wp\/v2\/product"}],"about":[{"href":"https:\/\/chongsetbacgiang.com\/index.php?rest_route=\/wp\/v2\/types\/product"}],"replies":[{"embeddable":true,"href":"https:\/\/chongsetbacgiang.com\/index.php?rest_route=%2Fwp%2Fv2%2Fcomments&post=1681"}],"wp:featuredmedia":[{"embeddable":true,"href":"https:\/\/chongsetbacgiang.com\/index.php?rest_route=\/wp\/v2\/media\/1683"}],"wp:attachment":[{"href":"https:\/\/chongsetbacgiang.com\/index.php?rest_route=%2Fwp%2Fv2%2Fmedia&parent=1681"}],"curies":[{"name":"wp","href":"https:\/\/api.w.org\/{rel}","templated":true}]}}