{"id":1677,"date":"2020-10-04T08:27:11","date_gmt":"2020-10-04T08:27:11","guid":{"rendered":"http:\/\/thicongchongset.com.vn\/?post_type=product&#038;p=1677"},"modified":"2024-11-10T12:08:57","modified_gmt":"2024-11-10T12:08:57","slug":"cat-loc-set-mersen","status":"publish","type":"product","link":"https:\/\/chongsetbacgiang.com\/?product=cat-loc-set-mersen","title":{"rendered":"C\u1eaeT L\u1eccC S\u00c9T MERSEN"},"content":{"rendered":"<h2>C\u1eaeT L\u1eccC S\u00c9T MERSEN<\/h2>\n<h2>Ch\u1ed1ng s\u00e9t lan truy\u1ec1n l\u00e0 g\u00ec ?<\/h2>\n<p><strong>S\u00e9t lan truy\u1ec1n l\u00e0 khi tia s\u00e9t \u0111\u00e1nh v\u00e0o \u0111\u01b0\u1eddng d\u00e2y \u0111i\u1ec7n ( \u0111\u01b0\u1eddng ngu\u1ed3n) ho\u1eb7c \u0111\u01b0\u1eddng m\u1ea1ng ( \u0111\u01b0\u1eddng t\u00edn hi\u1ec7u ) \u1edf b\u00ean ngo\u00e0i c\u00f4ng tr\u00ecnh v\u00e0 ngu\u1ed3n n\u0103ng l\u01b0\u1ee3ng s\u00e9t theo \u0111\u01b0\u1eddng d\u00e2y d\u1eabn v\u00e0o t\u1ee7 \u0111i\u1ec7n t\u1ed5ng v\u00e0 \u0111i ti\u1ebfp \u0111\u1ebfn nh\u1eefng thi\u1ebft b\u1ecb th\u1ee9 c\u1ea5p l\u00e0m ch\u00e1y n\u1ed5 thi\u1ebft b\u1ecb v\u00e0 \u1ea3nh h\u01b0\u1edfng \u0111\u1ebfn s\u1ee9c kh\u1ecfe t\u00ednh m\u1ea1ng con ng\u01b0\u1eddi.\u00a0 V\u1eady n\u00ean ch\u1ed1ng s\u00e9t lan truy\u1ec1n l\u00e0 \u0111i\u1ec1u r\u1ea5t c\u1ea7n thi\u1ebft \u0111\u1ed1i v\u1edbi nh\u1eefng c\u00f4ng tr\u00ecnh c\u00f3 nguy c\u01a1 s\u00e9t \u0111\u00e1nh cao, c\u00f3 nh\u1eefng thi\u1ebft b\u1ecb m\u00e1y m\u00f3c quan tr\u1ecdng.<\/strong><\/p>\n<ul>\n<li><strong>s\u1eed d\u1ee5ng thi\u1ebft b\u1ecb c\u1eaft s\u00e9t 1 ho\u1eb7c 3 pha ( t\u00f9y ngu\u1ed3n \u0111i\u1ec7n cung c\u1ea5p v\u00e0o) l\u1eafp song song v\u00e0o \u00e1t t\u1ed5ng ngu\u1ed3n \u0111i\u1ec7n, sau \u0111\u00f3 k\u1ebft n\u1ed1i v\u00e0o b\u00e3i ti\u1ebfp \u0111\u1ecba<\/strong><\/li>\n<li><strong>Hi\u1ec7n nay c\u00f3 r\u1ea5t nhi\u1ec1u th\u01b0\u01a1ng hi\u1ec7u c\u1eaft l\u1ecdc s\u00e9t tr\u00ean th\u1ecb tr\u01b0\u1eddng v\u1edbi nhi\u1ec1u m\u1ee9c gi\u00e1 v\u00e0 d\u00f2ng c\u1eaft s\u00e9t kh\u00e1c nhau. \u0110\u1ec3 \u0111\u01b0a ra gi\u1ea3i ph\u00e1p b\u1ea3o v\u1ec7 ph\u00f9 h\u1ee3p cho c\u00f4ng tr\u00ecnh c\u00e1c b\u1ea1n n\u00ean tham kh\u1ea3o \u00fd ki\u1ebfn c\u1ee7a chuy\u00ean gia\u00a0 \u00a0 \u00a0 \u00a0 \u00a0 \u00a0 \u00a0 \u00a0 \u00a0 \u00a0 \u00a0 \u00a0 \u00a0 \u00a0 \u00a0 \u00a0 \u00a0 \u00a0 \u00a0 \u00a0<\/strong><\/li>\n<li><strong>M\u1ed9t h\u1ec7 th\u1ed1ng ch\u1ed1ng s\u00e9t lan truy\u1ec1n s\u1ebd bao g\u1ed3m c\u00f3 3 ph\u1ea7n ch\u00ednh: Thi\u1ebft b\u1ecb c\u1eaft s\u00e9t + D\u00e2y tho\u00e1t s\u00e9t + B\u00e3i ti\u1ebfp \u0111\u1ecba \u0111i\u1ec7n tr\u1edf &lt; 4\u03a9<\/strong><\/li>\n<\/ul>\n<p>&nbsp;<\/p>\n<p><strong>H\u00e3y li\u00ean h\u1ec7 ngay v\u1edbi ch\u00fang t\u00f4i \u0111\u1ec3 \u0111\u01b0\u1ee3c t\u01b0 v\u1ea5n v\u00e0 b\u00e0o gi\u00e1 t\u1ed1t nh\u1ea5t tell: 0353577766<\/strong><\/p>\n<p><img loading=\"lazy\" class=\"aligncenter wp-image-1404 size-full lazy-loaded\" title=\"Chong-set-toan-quoc\" src=\"https:\/\/chongsettoanquoc.com\/wp-content\/uploads\/2019\/12\/cac-dong-san-pham-chong-set-cua-mersen-857344j24732.jpg\" alt=\"Chong-set-toan-quoc\" width=\"620\" height=\"300\" data-lazy-type=\"image\" data-src=\"https:\/\/chongsettoanquoc.com\/wp-content\/uploads\/2019\/12\/cac-dong-san-pham-chong-set-cua-mersen-857344j24732.jpg\" \/><\/p>\n<p>&nbsp;<\/p>\n<table class=\"aligncenter\" border=\"1\" width=\"677\">\n<tbody>\n<tr>\n<td width=\"57\"><strong>STT<\/strong><\/td>\n<td width=\"287\"><strong>T\u00ean S\u1ea3n ph\u1ea9m<\/strong><\/td>\n<td width=\"211\"><strong>Catalog Number\/<\/strong><br \/>\n<strong>Part Number<\/strong><\/td>\n<td width=\"188\"><strong>H\u00e3ng s\u1ea3n xu\u1ea5t\/<\/strong><br \/>\n<strong>N\u01b0\u1edbc s\u1ea3n xu\u1ea5t<\/strong><\/td>\n<\/tr>\n<tr>\n<td width=\"57\"><strong>I<\/strong><\/td>\n<td colspan=\"3\" width=\"686\"><strong>L\u1eafp cho t\u1ee7 t\u1ed5ng y\u00eau c\u1ea7u d\u00f2ng c\u1eaft cao d\u1ea1ng thanh DIN, b\u00e1o hi\u1ec7u xanh ho\u1ea1t \u0111\u1ed9ng bt, \u0111\u1ecf c\u1ea7n thay th\u1ebf, c\u00e1c m\u00e3 c\u00f3 \u0111u\u00f4i kh\u00e1c PM v\u00e0 PGM c\u00f3 dry contact theo d\u00f5i t\u1eeb xa b\u1eb1ng h\u1ec7 th\u1ed1ng Scada<\/strong><\/td>\n<\/tr>\n<tr>\n<td width=\"57\">1<\/td>\n<td width=\"287\">Ch\u1ed1ng s\u00e9t h\u1ea1 th\u1ebf 3 phase<br \/>\nImax = 100kA\/P, Iimp = 25kA\/P<\/td>\n<td width=\"211\">STPT12-25K275V-4P<\/td>\n<td width=\"188\">Mersen\/<br \/>\nSpain<\/td>\n<\/tr>\n<tr>\n<td width=\"57\">2<\/td>\n<td width=\"287\">Ch\u1ed1ng s\u00e9t h\u1ea1 th\u1ebf 3 phase<br \/>\nImax = 100kA\/P, Iimp = 25kA\/P<\/td>\n<td width=\"211\">STPT12-25K275V-4PM<\/td>\n<td width=\"188\">Mersen\/<br \/>\nSpain<\/td>\n<\/tr>\n<tr>\n<td width=\"57\">3<\/td>\n<td width=\"287\">Ch\u1ed1ng s\u00e9t h\u1ea1 th\u1ebf 1 phase<br \/>\nImax = 100kA\/P, Iimp = 25kA\/P<\/td>\n<td width=\"211\">STPT12-25K275V-2PGM<\/td>\n<td width=\"188\">Mersen\/<br \/>\nSpain<\/td>\n<\/tr>\n<tr>\n<td width=\"57\">4<\/td>\n<td width=\"287\">Ch\u1ed1ng s\u00e9t h\u1ea1 th\u1ebf 3 phase<br \/>\nImax = 75kA\/P<\/td>\n<td width=\"211\">STP480YN07M<\/td>\n<td width=\"188\">Mersen\/<br \/>\nMexico<\/td>\n<\/tr>\n<tr>\n<td width=\"57\">5<\/td>\n<td width=\"287\">Ch\u1ed1ng s\u00e9t h\u1ea1 th\u1ebf 1 phase<br \/>\nImax = 75kA\/P<\/td>\n<td width=\"211\">STP230P07M<\/td>\n<td width=\"188\">Mersen\/<br \/>\nMexico<\/td>\n<\/tr>\n<tr>\n<td width=\"57\">STT<\/td>\n<td width=\"287\">T\u00ean S\u1ea3n ph\u1ea9m<\/td>\n<td width=\"211\">Catalog Number\/<br \/>\nPart Number<\/td>\n<td width=\"188\">H\u00e3ng s\u1ea3n xu\u1ea5t\/<br \/>\nN\u01b0\u1edbc s\u1ea3n xu\u1ea5t<\/td>\n<\/tr>\n<tr>\n<td width=\"57\"><strong>II<\/strong><\/td>\n<td colspan=\"3\" width=\"686\"><strong>\u00a0L\u1eafp cho t\u1ee7 t\u1ed5ng y\u00eau c\u1ea7u d\u00f2ng c\u1eaft trung b\u00ecnh, b\u00e1o hi\u1ec7u xanh ho\u1ea1t \u0111\u1ed9ng bt, \u0111\u1ecf c\u1ea7n thay th\u1ebf, ho\u1ea1c l\u1eafp trong t\u1ee7 nh\u00e1nh c\u1ee7a nh\u00e0 d\u00e2n khi c\u00f3 y\u00eau c\u1ea7n b\u1ea3o v\u1ec7 cao, khu c\u00f4ng nghi\u1ec7p<\/strong><\/td>\n<\/tr>\n<tr>\n<td width=\"57\">6<\/td>\n<td width=\"287\">Ch\u1ed1ng s\u00e9t h\u1ea1 th\u1ebf 3 phase<br \/>\nImax = 50kA\/P, Iimp = 12,5kA\/P<\/td>\n<td width=\"211\">STPT12-12K275V-4P<\/td>\n<td width=\"188\">Mersen\/<br \/>\nSpain<\/td>\n<\/tr>\n<tr>\n<td width=\"57\">7<\/td>\n<td width=\"287\">Ch\u1ed1ng s\u00e9t h\u1ea1 th\u1ebf 3 phase<br \/>\nImax = 50kA\/P, Iimp = 12,5kA\/P<\/td>\n<td width=\"211\">STPT12-12K275V-4PG<\/td>\n<td width=\"188\">Mersen\/<br \/>\nSpain<\/td>\n<\/tr>\n<tr>\n<td width=\"57\">8<\/td>\n<td width=\"287\">Ch\u1ed1ng s\u00e9t h\u1ea1 th\u1ebf 1 phase<br \/>\nImax = 50kA\/P, Iimp = 12,5kA\/P<\/td>\n<td width=\"211\">STPT12-12K275V-2P<\/td>\n<td width=\"188\">Mersen\/<br \/>\nSpain<\/td>\n<\/tr>\n<tr>\n<td width=\"57\">9<\/td>\n<td width=\"287\">Ch\u1ed1ng s\u00e9t h\u1ea1 th\u1ebf 1 phase<br \/>\nImax = 50kA\/P, Iimp = 12,5kA\/P<\/td>\n<td width=\"211\">STPT12-12K275V-2PG<\/td>\n<td width=\"188\">Mersen\/<br \/>\nSpain<\/td>\n<\/tr>\n<tr>\n<td width=\"57\"><strong>III<\/strong><\/td>\n<td colspan=\"3\" width=\"686\"><strong>L\u1eafp cho t\u1ee7 nh\u00e1nh d\u1ea1ng thanh DIN, \u1edf nh\u00e0 d\u00e2n ho\u1ea1c c\u00e1c t\u1ee7 \u1edf c\u00e1c v\u0103n ph\u00f2ng, t\u00f2a nh\u00e0, b\u1ea3o v\u1ec7 thi\u1ebft b\u1ecb \u0111i\u1ec7n c\u00f3 c\u00f4ng xu\u1ea5t th\u1ea5p<\/strong><\/td>\n<\/tr>\n<tr>\n<td width=\"57\">10<\/td>\n<td width=\"287\">Ch\u1ed1ng s\u00e9t h\u1ea1 th\u1ebf 3 phase , Imax = 40kA\/P<\/td>\n<td width=\"211\">STPT2-40K-275V-4P<\/td>\n<td width=\"188\">Mersen\/<br \/>\nSpain<\/td>\n<\/tr>\n<tr>\n<td width=\"57\">11<\/td>\n<td width=\"287\">Ch\u1ed1ng s\u00e9t h\u1ea1 th\u1ebf 3 phase , Imax = 40kA\/P<\/td>\n<td width=\"211\">STPT2-40K-275V-4PG<\/td>\n<td width=\"188\">Mersen\/<br \/>\nSpain<\/td>\n<\/tr>\n<tr>\n<td width=\"57\">12<\/td>\n<td width=\"287\">Ch\u1ed1ng s\u00e9t h\u1ea1 th\u1ebf 3 phase , Imax = 40kA\/P<\/td>\n<td width=\"211\">STPT2-40K-275V-4PM<\/td>\n<td width=\"188\">Mersen\/<br \/>\nSpain<\/td>\n<\/tr>\n<tr>\n<td width=\"57\">13<\/td>\n<td width=\"287\">Ch\u1ed1ng s\u00e9t h\u1ea1 th\u1ebf 3 phase<br \/>\nImax = 100kA\/P, = 40kA\/P<\/td>\n<td width=\"211\">STPT2-40K-275V-2P<\/td>\n<td width=\"188\">Mersen\/<br \/>\nSpain<\/td>\n<\/tr>\n<tr>\n<td width=\"57\">14<\/td>\n<td width=\"287\">Ch\u1ed1ng s\u00e9t h\u1ea1 th\u1ebf 1 phase<br \/>\nImax = 40kA\/P<\/td>\n<td width=\"211\">STPT2-40K-275V-2PG<\/td>\n<td width=\"188\">Mersen\/<br \/>\nSpain<\/td>\n<\/tr>\n<tr>\n<td width=\"57\">IV<\/td>\n<td colspan=\"3\" width=\"686\">B\u1ea3o v\u1ec7 t\u1ea5m phin v\u00e0 inveter cho h\u1ec7 th\u1ed1ng n\u0103ng l\u01b0\u1ee3ng m\u1eb7t tr\u1eddi, d\u1ea1ng thanh DIN<\/td>\n<\/tr>\n<tr>\n<td width=\"57\">15<\/td>\n<td width=\"287\">Ch\u1ed1ng s\u00e9t cho h\u1ec7 th\u1ed1ng n\u0103ng l\u01b0\u1ee3ng m\u1eb7t tr\u1eddi<\/td>\n<td width=\"211\">STPT2-40K1000V-YPV<\/td>\n<td width=\"188\">Mersen\/<br \/>\nSpain<\/td>\n<\/tr>\n<tr>\n<td width=\"57\">16<\/td>\n<td width=\"287\">Ch\u1ed1ng s\u00e9t cho h\u1ec7 th\u1ed1ng n\u0103ng l\u01b0\u1ee3ng m\u1eb7t tr\u1eddi<\/td>\n<td width=\"211\">STPT2-40K600V-YPV<\/td>\n<td width=\"188\">Mersen\/<br \/>\nSpain<\/td>\n<\/tr>\n<tr>\n<td width=\"57\">17<\/td>\n<td width=\"287\">Ch\u1ed1ng s\u00e9t h\u1ea1 th\u1ebf 3P+N,<br \/>\nImax = 20kA\/P<\/td>\n<td width=\"211\">STPT23-20K275V-4P-LF<\/td>\n<td width=\"188\">Mersen\/<br \/>\nSpain<\/td>\n<\/tr>\n<tr>\n<td width=\"57\">STT<\/td>\n<td width=\"287\">T\u00ean S\u1ea3n ph\u1ea9m<\/td>\n<td width=\"211\">Catalog Number\/<br \/>\nPart Number<\/td>\n<td width=\"188\">H\u00e3ng s\u1ea3n xu\u1ea5t\/<br \/>\nN\u01b0\u1edbc s\u1ea3n xu\u1ea5t<\/td>\n<\/tr>\n<tr>\n<td width=\"57\"><strong>V<\/strong><\/td>\n<td colspan=\"3\" width=\"686\"><strong>T\u1ee7 nh\u00e1nh v\u1edbi thi\u1ebft b\u1ecb nh\u1eady c\u1ea3m, l\u1eafp cho t\u1ee7 nh\u00e1nh y\u00eau c\u1ea7u d\u00f2ng c\u1eaft r\u1ea5t th\u1ea5p, d\u1ea1ng thanh DIN<\/strong><\/td>\n<\/tr>\n<tr>\n<td width=\"57\">18<\/td>\n<td width=\"287\">Ch\u1ed1ng s\u00e9t h\u1ea1 th\u1ebf 3P+N,<br \/>\nImax = 20kA\/P<\/td>\n<td width=\"211\">STPT23-20K275V-4PG-LF<\/td>\n<td width=\"188\">Mersen\/<br \/>\nSpain<\/td>\n<\/tr>\n<tr>\n<td width=\"57\">19<\/td>\n<td width=\"287\">Ch\u1ed1ng s\u00e9t h\u1ea1 th\u1ebf 1 phase<br \/>\nImax = 20kA\/P<\/td>\n<td width=\"211\">STPT23-20K275V-2P-LF<\/td>\n<td width=\"188\">Mersen\/<br \/>\nSpain<\/td>\n<\/tr>\n<tr>\n<td width=\"57\">20<\/td>\n<td width=\"287\">Ch\u1ed1ng s\u00e9t h\u1ea1 th\u1ebf 1 phase<br \/>\nImax = 20kA\/P<\/td>\n<td width=\"211\">STPT23-20K275V-2PG-LF<\/td>\n<td width=\"188\">Mersen\/<br \/>\nSpain<\/td>\n<\/tr>\n<tr>\n<td width=\"57\"><strong>VI<\/strong><\/td>\n<td colspan=\"3\" width=\"686\"><strong>1 C\u1ef1c duy nh\u1ea5t hay d\u00f9ng cho vi\u1ec5n th\u00f4ng, tr\u1ea1m BTS, s\u1eed d\u1ee5ng c\u00f4ng ngh\u1ec7 TP MOV ch\u1ec9 c\u00f3 \u1edf Mersen, d\u1ea1ng thanh DIN<\/strong><\/td>\n<\/tr>\n<tr>\n<td width=\"57\">21<\/td>\n<td width=\"287\">Ch\u1ed1ng s\u00e9t h\u1ea1 th\u1ebf 1 phase<br \/>\nImax = 50kA\/P<\/td>\n<td width=\"211\">STP2301PGM<\/td>\n<td width=\"188\">Mersen\/<br \/>\nMexico<\/td>\n<\/tr>\n<tr>\n<td width=\"57\">22<\/td>\n<td width=\"287\">Ch\u1ed1ng s\u00e9t h\u1ea1 th\u1ebf 1 phase<br \/>\nImax = 70kA\/P<\/td>\n<td width=\"211\">STP230P07M<\/td>\n<td width=\"188\">Mersen\/<br \/>\nMexico<\/td>\n<\/tr>\n<tr>\n<td width=\"57\">23<\/td>\n<td width=\"287\">Ch\u1ed1ng s\u00e9t h\u1ea1 th\u1ebf 1 phase<br \/>\nImax =50kA\/P<\/td>\n<td width=\"211\">2XSTP2301PGM<\/td>\n<td width=\"188\">Mersen\/<br \/>\nMexico<\/td>\n<\/tr>\n<tr>\n<td width=\"57\">24<\/td>\n<td width=\"287\">Ch\u1ed1ng s\u00e9t h\u1ea1 th\u1ebf 1 phase<br \/>\nImax = 40kA\/P<\/td>\n<td width=\"211\">STP230TNSM<\/td>\n<td width=\"188\">Mersen\/<br \/>\nMexico<\/td>\n<\/tr>\n<tr>\n<td width=\"57\">STT<\/td>\n<td width=\"287\">T\u00ean S\u1ea3n ph\u1ea9m<\/td>\n<td width=\"211\">Catalog Number\/<br \/>\nPart Number<\/td>\n<td width=\"188\">H\u00e3ng s\u1ea3n xu\u1ea5t\/<br \/>\nN\u01b0\u1edbc s\u1ea3n xu\u1ea5t<\/td>\n<\/tr>\n<tr>\n<td width=\"57\"><strong>VII<\/strong><\/td>\n<td colspan=\"3\" width=\"686\"><strong>L\u1eafp cho t\u1ee7 t\u1ed5ng nh\u00e0 m\u00e1y, trung t\u00e2m d\u1eef li\u1ec7u thi\u1ebft b\u1ecb chi ph\u00ed cao, b\u1ec7nh vi\u1ec7n, tr\u1ea1m t\u1ed5ng vi\u1ec5n th\u00f4ng y\u00eau c\u1ea7u c\u1eaft l\u1ecdc, d\u1ea1ng t\u1ee7 c\u1eaft l\u1ecdc . S\u1eed d\u1ee5ng c\u00f4ng ngh\u1ec7 TP MOV ch\u1ec9 c\u00f3 \u1edf Mersen: Kh\u00f4ng c\u1ea7n th\u00eam c\u1ea7u ch\u00ec b\u1ea3o v\u1ec7 ch\u1ed1ng s\u00e9t.<\/strong><br \/>\n<strong>V\u1ecf t\u1ee7: Nema 4X Indoor v\u00e0 Outdoor<\/strong><\/td>\n<\/tr>\n<tr>\n<td width=\"57\">25<\/td>\n<td width=\"287\">Ch\u1ed1ng s\u00e9t h\u1ea1 th\u1ebf 3 Phase, 5 d\u00e2y, Imax = 100kA\/P c\u00f3 \u0111\u00e8n Led hi\u1ec3n th\u1ecb tr\u1ea1ng th\u00e1i m\u1ea5t phase, Imax = 100kA\/P Response Time &lt; 1ns<\/td>\n<td width=\"211\">STXP380Y10<\/td>\n<td width=\"188\">Mersen\/<br \/>\nMexico<\/td>\n<\/tr>\n<tr>\n<td width=\"57\">26<\/td>\n<td width=\"287\">Ch\u1ed1ng s\u00e9t h\u1ea1 th\u1ebf 3 Phase, 5 d\u00e2y, Imax = 100kA\/P, c\u00f3 \u0111\u00e8n Led hi\u1ec3n th\u1ecb tr\u1ea1ng th\u00e1i m\u1ea5t phase, Audible Alarm v\u00e0 ti\u1ebfp \u0111i\u1ec3m kh\u00f4 Dry Contact, Response Time &lt; 1ns<\/td>\n<td width=\"211\">STXP380Y10A<\/td>\n<td width=\"188\">Mersen\/<br \/>\nMexico<\/td>\n<\/tr>\n<tr>\n<td width=\"57\">27<\/td>\n<td width=\"287\">Ch\u1ed1ng s\u00e9t h\u1ea1 th\u1ebf 3 Phase, 5 d\u00e2y,Imax = 100kA\/P, c\u00f3 \u0111\u00e8n Led hi\u1ec3n th\u1ecb tr\u1ea1ng th\u00e1i m\u1ea5t phase, c\u00f3 b\u1ed9 l\u1ecdc EMI\/RFI, Response Time &lt; 1ns<\/td>\n<td width=\"211\">STXT380Y10<\/td>\n<td width=\"188\">Mersen\/<br \/>\nMexico<\/td>\n<\/tr>\n<tr>\n<td width=\"57\">28<\/td>\n<td width=\"287\">Ch\u1ed1ng s\u00e9t h\u1ea1 th\u1ebf 3 Phase, 5 d\u00e2y, Imax = 100kA\/P, c\u00f3 b\u1ed9 l\u1ecdc EMI\/RFI, c\u1ea3nh b\u00e1o Audible Alarm v\u00e0 ti\u1ebfp \u0111i\u1ec3m kh\u00f4 Dry Contact, Response Time &lt; 1ns<\/td>\n<td width=\"211\">STXT380Y10A<\/td>\n<td width=\"188\">Mersen\/<br \/>\nMexico<\/td>\n<\/tr>\n<tr>\n<td width=\"57\">29<\/td>\n<td width=\"287\">Ch\u1ed1ng s\u00e9t h\u1ea1 th\u1ebf 3 Phase, 5 d\u00e2y, Imax = 200kA\/P, c\u00f3 \u0111\u00e8n Led hi\u1ec3n th\u1ecb tr\u1ea1ng th\u00e1i m\u1ea5t phase, c\u00f3 b\u1ed9 l\u1ecdc EMI\/RFI, Response Time &lt; 1ns<\/td>\n<td width=\"211\">STXT380Y20<\/td>\n<td width=\"188\">Mersen\/<br \/>\nMexico<\/td>\n<\/tr>\n<tr>\n<td width=\"57\">30<\/td>\n<td width=\"287\">Ch\u1ed1ng s\u00e9t h\u1ea1 th\u1ebf 3 Phase, 5 d\u00e2y, Imax = 200kA\/P,c\u00f3 \u0111\u00e8n Led hi\u1ec3n th\u1ecb tr\u1ea1ng th\u00e1i m\u1ea5t phase, c\u00f3 b\u1ed9 l\u1ecdc EMI\/RFI, c\u1ea3nh b\u00e1o Audible Alarm v\u00e0 ti\u1ebfp \u0111i\u1ec3m kh\u00f4 Dry Contact, Response Time &lt; 1ns<\/td>\n<td width=\"211\">STXT380Y20A<\/td>\n<td width=\"188\">Mersen\/<br \/>\nMexico<\/td>\n<\/tr>\n<tr>\n<td width=\"57\">STT<\/td>\n<td width=\"287\">T\u00ean S\u1ea3n ph\u1ea9m<\/td>\n<td width=\"211\">Catalog Number\/<br \/>\nPart Number<\/td>\n<td width=\"188\">H\u00e3ng s\u1ea3n xu\u1ea5t\/<br \/>\nN\u01b0\u1edbc s\u1ea3n xu\u1ea5t<\/td>\n<\/tr>\n<tr>\n<td width=\"57\"><strong>VIII<\/strong><\/td>\n<td colspan=\"3\" width=\"686\"><strong>D\u1ea1ng t\u1ee7 c\u1eaft l\u1ecdc, l\u1eafp cho t\u1ee7 t\u1ed5ng nh\u00e0 m\u00e1y, trung t\u00e2m d\u1eef li\u1ec7u thi\u1ebft b\u1ecb chi ph\u00ed cao, b\u1ec7nh vi\u1ec7n, tr\u1ea1m t\u1ed5ng vi\u1ec5n th\u00f4ng y\u00eau c\u1ea7u c\u1eaft l\u1ecdc, hi\u1ec3n th\u1ecb tr\u1ea1ng th\u00e1i d\u00f2ng c\u1eaft l\u00ean \u0111\u1ebfn 450kA\/Phase<\/strong><br \/>\n<strong>S\u1eed d\u1ee5ng c\u00f4ng ngh\u1ec7 TP MOV: Kh\u00f4ng c\u1ea7n th\u00eam c\u1ea7u ch\u00ec b\u1ea3o v\u1ec7 ch\u1ed1ng s\u00e9t<\/strong><br \/>\n<strong>\u2013 V\u1ecf t\u1ee7: Nema 4X Indoor v\u00e0 Outdoor<\/strong><br \/>\n<strong>\u2013 T\u00edch h\u1ee3p \u0111\u00e8n hi\u1ec3n th\u1ecb tr\u1ea1ng th\u00e1i l\u00e0m vi\u1ec7c c\u1ee7a c\u1eaft s\u00e9t: Green = 67% \u2013 100% life;<\/strong><br \/>\n<strong>Yellow = 34% to 66% life; Red = 33% to 0% life v\u00e0 c\u1ea3nh b\u00e1o m\u1ea5t pha.<\/strong><br \/>\n<strong>Basic (A): \u0110\u00e8n LED hi\u1ec3n th\u1ecb tr\u1ea1ng th\u00e1i l\u00e0m vi\u1ec7c; Hi\u1ec3n th\u1ecb c\u1ea3nh b\u00e1o m\u1ea5t Pha<\/strong><br \/>\n<strong>Standard (B): \u0110\u00e8n LED hi\u1ec3n th\u1ecb tr\u1ea1ng th\u00e1i l\u00e0m vi\u1ec7c; Hi\u1ec3n th\u1ecb c\u1ea3nh b\u00e1o m\u1ea5t Pha; B\u1ed9 \u0111\u1ebfm<\/strong><br \/>\n<strong>s\u00e9t, B\u1ed9 l\u1ecdc th\u00f4ng th\u1ea5p EMI\/RFI Filter; C\u1ea3nh b\u00e1o t\u1eeb xa Audible Alarm, Dry contact<\/strong><br \/>\n<strong>Option (L\u1ef1a chon th\u00eam) 1 \u1edf cu\u1ed1i l\u00e0 NEMA 1\/12\/3R\/4<\/strong><br \/>\n<strong>X: NEMA 4X, Th\u00eam T v\u00e0o cu\u1ed1i m\u00e3 s\u1ea3n ph\u1ea9m = UL 98 Switch Through the<\/strong><br \/>\n<strong>Door Handle<\/strong><\/td>\n<\/tr>\n<tr>\n<td width=\"57\">31<\/td>\n<td width=\"287\">T\u1ee7 ch\u1ed1ng s\u00e9t h\u1ea1 th\u1ebf 3 Phase, 5 d\u00e2y, Imax = 100kA\/P, c\u00f3 \u0111\u00e8n Led hi\u1ec3n th\u1ecb tr\u1ea1ng th\u00e1i m\u1ea5t phasec\u00f3 b\u1ed9 l\u1ecdc EMI\/RFI, c\u1ea3nh b\u00e1o Audible Alarm v\u00e0 ti\u1ebfp \u0111i\u1ec3m kh\u00f4 Dry Contact, Response Time &lt; 1ns<\/td>\n<td width=\"211\">STZ480Y10A1<\/td>\n<td width=\"188\">Mersen\/<br \/>\nMexico<\/td>\n<\/tr>\n<tr>\n<td width=\"57\">32<\/td>\n<td width=\"287\">T\u1ee7 ch\u1ed1ng s\u00e9t h\u1ea1 th\u1ebf 3 Phase, 5 d\u00e2y,Imax = 450kA\/P, c\u00f3 b\u1ed9 l\u1ecdc EMI\/RFI, c\u1ea3nh b\u00e1o Audible Alarm v\u00e0 ti\u1ebfp \u0111i\u1ec3m kh\u00f4 Dry Contact, Response Time &lt; 1ns<\/td>\n<td width=\"211\">STZ480Y45A1<\/td>\n<td width=\"188\">Mersen\/<br \/>\nMexico<\/td>\n<\/tr>\n<tr>\n<td width=\"57\">33<\/td>\n<td width=\"287\">T\u1ee7 ch\u1ed1ng s\u00e9t h\u1ea1 th\u1ebf 3 Phase, 5 d\u00e2y,Imax = 100kA\/P, c\u00f3 b\u1ed9 l\u1ecdc EMI\/RFI, c\u1ea3nh b\u00e1o Audible Alarm v\u00e0 ti\u1ebfp \u0111i\u1ec3m kh\u00f4 Dry Contact, Response Time &lt; 1ns<\/td>\n<td width=\"211\">STZ480Y10B1<\/td>\n<td width=\"188\">Mersen\/<br \/>\nMexico<\/td>\n<\/tr>\n<tr>\n<td width=\"57\">34<\/td>\n<td width=\"287\">T\u1ee7 ch\u1ed1ng s\u00e9t h\u1ea1 th\u1ebf 3 Phase, 5 d\u00e2y,Imax = 450kA\/P c\u00f3 \u0111\u00e8n Led hi\u1ec3n th\u1ecb tr\u1ea1ng th\u00e1i m\u1ea5t phase, c\u00f3 b\u1ed9 l\u1ecdc EMI\/RFI, c\u1ea3nh b\u00e1o Audible Alarm v\u00e0 ti\u1ebfp \u0111i\u1ec3m kh\u00f4 Dry Contact, Response Time &lt; 1ns<\/td>\n<td width=\"211\">STZ480Y45B1<\/td>\n<td width=\"188\">Mersen\/<br \/>\nMexico<\/td>\n<\/tr>\n<tr>\n<td width=\"57\">35<\/td>\n<td width=\"287\">T\u1ee7 ch\u1ed1ng s\u00e9t h\u1ea1 th\u1ebf 3 Phase, 5 d\u00e2y,Imax = 100kA\/P c\u00f3 \u0111\u00e8n Led hi\u1ec3n th\u1ecb tr\u1ea1ng th\u00e1i m\u1ea5t phase, c\u00f3 b\u1ed9 l\u1ecdc EMI\/RFI, c\u1ea3nh b\u00e1o Audible Alarm v\u00e0 ti\u1ebfp \u0111i\u1ec3m kh\u00f4 Dry Contact, Response Time &lt; 1ns<\/td>\n<td width=\"211\">STZ480Y10AX<\/td>\n<td width=\"188\">Mersen\/<br \/>\nMexico<\/td>\n<\/tr>\n<tr>\n<td width=\"57\">36<\/td>\n<td width=\"287\">T\u1ee7 ch\u1ed1ng s\u00e9t h\u1ea1 th\u1ebf 3 Phase, 5 d\u00e2y,Imax = 450kA\/P, c\u00f3 \u0111\u00e8n Led hi\u1ec3n th\u1ecb tr\u1ea1ng th\u00e1i m\u1ea5t phase c\u00f3 b\u1ed9 l\u1ecdc EMI\/RFI, c\u1ea3nh b\u00e1o Audible Alarm v\u00e0 ti\u1ebfp \u0111i\u1ec3m kh\u00f4 Dry Contact, Response Time &lt; 1ns<\/td>\n<td width=\"211\">STZ480Y45AX<\/td>\n<td width=\"188\">Mersen\/<br \/>\nMexico<\/td>\n<\/tr>\n<tr>\n<td width=\"57\">37<\/td>\n<td width=\"287\">T\u1ee7 ch\u1ed1ng s\u00e9t h\u1ea1 th\u1ebf 3 Phase, 5 d\u00e2y,Imax = 100kA\/P, c\u00f3 b\u1ed9 l\u1ecdc EMI\/RFI, c\u1ea3nh b\u00e1o Audible Alarm v\u00e0 ti\u1ebfp \u0111i\u1ec3m kh\u00f4 Dry Contact, Response Time &lt; 1ns<\/td>\n<td width=\"211\">STZ480Y10BX<\/td>\n<td width=\"188\">Mersen\/<br \/>\nMexico<\/td>\n<\/tr>\n<tr>\n<td width=\"57\">38<\/td>\n<td width=\"287\">T\u1ee7 ch\u1ed1ng s\u00e9t h\u1ea1 th\u1ebf 3 Phase, 5 d\u00e2y,Imax = 450kA\/P,c\u00f3 \u0111\u00e8n Led hi\u1ec3n th\u1ecb tr\u1ea1ng th\u00e1i m\u1ea5t phase, c\u00f3 b\u1ed9 l\u1ecdc EMI\/RFI, c\u1ea3nh b\u00e1o Audible Alarm v\u00e0 ti\u1ebfp \u0111i\u1ec3m kh\u00f4 Dry Contact, Response Time &lt; 1ns<\/td>\n<td width=\"211\">STZ480Y45BX<\/td>\n<td width=\"188\">Mersen\/<br \/>\nMexico<\/td>\n<\/tr>\n<\/tbody>\n<\/table>\n<p>&nbsp;<\/p>\n<p>&nbsp;<\/p>\n<p><img loading=\"lazy\" class=\"aligncenter wp-image-1411 lazy-loaded\" title=\"Chong-set-toan-quoc\" src=\"https:\/\/chongsettoanquoc.com\/wp-content\/uploads\/2019\/12\/701e7ba6d26636386f77.jpg\" alt=\"Chong-set-toan-quoc\" width=\"620\" height=\"827\" data-lazy-type=\"image\" data-src=\"https:\/\/chongsettoanquoc.com\/wp-content\/uploads\/2019\/12\/701e7ba6d26636386f77.jpg\" \/><\/p>\n","protected":false},"excerpt":{"rendered":"<p>C\u1eaeT L\u1eccC S\u00c9T 1-3 PHA<\/p>\n<p>xu\u1ea5t s\u1ee9: <strong>M\u1ef9<\/strong><\/p>\n<p><strong>Hotline:\u00a0<\/strong>0353.577.766<br \/>\n<strong>Email:<\/strong>\u00a0vnmax2@gmail.com<br \/>\n<strong>Website:<\/strong>\u00a0thicongchongset.com.vn<\/p>\n","protected":false},"featured_media":1678,"comment_status":"open","ping_status":"closed","template":"","meta":{"om_disable_all_campaigns":false,"_mi_skip_tracking":false},"aioseo_notices":[],"_links":{"self":[{"href":"https:\/\/chongsetbacgiang.com\/index.php?rest_route=\/wp\/v2\/product\/1677"}],"collection":[{"href":"https:\/\/chongsetbacgiang.com\/index.php?rest_route=\/wp\/v2\/product"}],"about":[{"href":"https:\/\/chongsetbacgiang.com\/index.php?rest_route=\/wp\/v2\/types\/product"}],"replies":[{"embeddable":true,"href":"https:\/\/chongsetbacgiang.com\/index.php?rest_route=%2Fwp%2Fv2%2Fcomments&post=1677"}],"wp:featuredmedia":[{"embeddable":true,"href":"https:\/\/chongsetbacgiang.com\/index.php?rest_route=\/wp\/v2\/media\/1678"}],"wp:attachment":[{"href":"https:\/\/chongsetbacgiang.com\/index.php?rest_route=%2Fwp%2Fv2%2Fmedia&parent=1677"}],"curies":[{"name":"wp","href":"https:\/\/api.w.org\/{rel}","templated":true}]}}