{"id":1656,"date":"2020-10-04T06:36:23","date_gmt":"2020-10-04T06:36:23","guid":{"rendered":"http:\/\/thicongchongset.com.vn\/?post_type=product&#038;p=1656"},"modified":"2021-09-08T11:33:57","modified_gmt":"2021-09-08T11:33:57","slug":"cap-thoat-set-m50-m70-m90","status":"publish","type":"product","link":"https:\/\/chongsetbacgiang.com\/?product=cap-thoat-set-m50-m70-m90","title":{"rendered":"C\u00e1p tho\u00e1t s\u00e9t M50, M70, M90"},"content":{"rendered":"<p>S\u1ea3n ph\u1ea9m c\u00f3 thi\u1ebft di\u1ec7n: \u2013 C\u00e1p \u0111\u1ed3ng M16, 16mm2 (Cu, C16) c\u00e1p \u0111\u1ed3ng M16mm\u00b2. \u2013 C\u00e1p \u0111\u1ed3ng M25, 25mm2 (Cu, C25) c\u00e1p \u0111\u1ed3ng M25mm\u00b2. \u2013 C\u00e1p \u0111\u1ed3ng M35, 35mm2 (Cu, C35) c\u00e1p \u0111\u1ed3ng&#8230;<\/p>\n","protected":false},"excerpt":{"rendered":"<h3><strong>S\u1ea3n ph\u1ea9m c\u00f3 thi\u1ebft\u00a0di\u1ec7n:<\/strong><\/h3>\n<p>\u2013 C\u00e1p \u0111\u1ed3ng M16, 16mm2 (Cu, C16) c\u00e1p \u0111\u1ed3ng M16mm\u00b2.<\/p>\n<p>\u2013 C\u00e1p \u0111\u1ed3ng M25, 25mm2 (Cu, C25) c\u00e1p \u0111\u1ed3ng M25mm\u00b2.<\/p>\n<p>\u2013 C\u00e1p \u0111\u1ed3ng M35, 35mm2 (Cu, C35) c\u00e1p \u0111\u1ed3ng M35mm\u00b2.<\/p>\n<p>\u2013 C\u00e1p \u0111\u1ed3ng M50, 50mm2 (Cu, C50) c\u00e1p \u0111\u1ed3ng M50mm\u00b2<\/p>\n<p>\u2013 C\u00e1p \u0111\u1ed3ng M70, 70mm2 (Cu, C70) c\u00e1p \u0111\u1ed3ng M70mm\u00b2.<\/p>\n<p>\u2013 C\u00e1p \u0111\u1ed3ng M90, 90mm2 (Cu, C90) c\u00e1p \u0111\u1ed3ng M90mm\u00b2.<\/p>\n<p><strong>\u0110\u1eb7c t\u00ednh k\u1ef9 thu\u1eadt<\/strong><\/p>\n<p>Quy c\u00e1ch: Cu\/PVC v\u00e0 Cu\/PVC\/PVC<br \/>\n+ Ru\u1ed9t d\u1eabn: \u0110\u1ed3ng 99,99%<br \/>\n+ S\u1ed1 l\u00f5i: 1,2,3,4,5<br \/>\n+ K\u1ebft c\u1ea5u: Nhi\u1ec1u s\u1ee3i b\u1ec7n tr\u00f2n\/Tr\u00f2n c\u00f3 \u00e9p n\u00e9n c\u1ea5p 2.<br \/>\n+ M\u1eb7t c\u1eaft danh \u0111\u1ecbnh: T\u1eeb 0,75 mm2 \u0111\u1ebfn 800 mm2<br \/>\n+ \u0110i\u1ec7n \u00e1p danh \u0111\u1ecbnh: 0,6\/1 kV<br \/>\n+ Nhi\u1ec7t \u0111\u1ed9 l\u00e0m vi\u1ec7c d\u00e0i h\u1ea1n cho ph\u00e9p t\u1ed1i \u0111a: 700C<br \/>\n&#8220;+ Nhi\u1ec7t \u0111\u1ed9 c\u1ef1c \u0111\u1ea1i cho ph\u00e9p khi ng\u1eafn m\u1ea1ch v\u1edbi th\u1eddi gian kh\u00f4ng qu\u00e1 5 gi\u00e2y:<br \/>\n* 140 oC v\u1edbi m\u1eb7t c\u1eaft l\u1edbn h\u01a1n 300mm2 .<br \/>\n* 160 oC v\u1edbi m\u1eb7t c\u1eaft nh\u1ecf h\u01a1n ho\u1eb7c b\u1eb1ng 300mm2&#8221;<br \/>\n+ D\u1ea1ng m\u1eabu m\u00e3: H\u00ecnh tr\u00f2n<\/p>\n<p><img loading=\"lazy\" class=\"alignnone size-medium wp-image-1658\" src=\"https:\/\/thicongchongset.com.vn\/wp-content\/uploads\/2020\/10\/day-cap-dong-tran-533x400.jpg\" alt=\"\" width=\"533\" height=\"400\" srcset=\"https:\/\/chongsetbacgiang.com\/wp-content\/uploads\/2020\/10\/day-cap-dong-tran-533x400.jpg 533w, https:\/\/chongsetbacgiang.com\/wp-content\/uploads\/2020\/10\/day-cap-dong-tran-768x576.jpg 768w, https:\/\/chongsetbacgiang.com\/wp-content\/uploads\/2020\/10\/day-cap-dong-tran-600x450.jpg 600w, https:\/\/chongsetbacgiang.com\/wp-content\/uploads\/2020\/10\/day-cap-dong-tran.jpg 800w\" sizes=\"(max-width: 533px) 100vw, 533px\" \/><\/p>\n","protected":false},"featured_media":1657,"comment_status":"open","ping_status":"closed","template":"","meta":{"om_disable_all_campaigns":false,"_mi_skip_tracking":false},"aioseo_notices":[],"_links":{"self":[{"href":"https:\/\/chongsetbacgiang.com\/index.php?rest_route=\/wp\/v2\/product\/1656"}],"collection":[{"href":"https:\/\/chongsetbacgiang.com\/index.php?rest_route=\/wp\/v2\/product"}],"about":[{"href":"https:\/\/chongsetbacgiang.com\/index.php?rest_route=\/wp\/v2\/types\/product"}],"replies":[{"embeddable":true,"href":"https:\/\/chongsetbacgiang.com\/index.php?rest_route=%2Fwp%2Fv2%2Fcomments&post=1656"}],"wp:featuredmedia":[{"embeddable":true,"href":"https:\/\/chongsetbacgiang.com\/index.php?rest_route=\/wp\/v2\/media\/1657"}],"wp:attachment":[{"href":"https:\/\/chongsetbacgiang.com\/index.php?rest_route=%2Fwp%2Fv2%2Fmedia&parent=1656"}],"curies":[{"name":"wp","href":"https:\/\/api.w.org\/{rel}","templated":true}]}}